{"id":1301,"date":"2019-05-05T20:41:35","date_gmt":"2019-05-05T18:41:35","guid":{"rendered":"http:\/\/casamanyaextrem.com\/?page_id=1301"},"modified":"2024-03-02T22:10:29","modified_gmt":"2024-03-02T21:10:29","slug":"casamanya-extrem-recorreguts","status":"publish","type":"page","link":"https:\/\/casamanyaextrem.com\/?page_id=1301","title":{"rendered":"Casamanya Extrem Recorreguts"},"content":{"rendered":"\n\n\t<p>Tots els corredors tenen les seves opcions: Aquests s\u00f3n els recorreguts de la Casamanya Extrem Vertical Race<\/p>\n<hr \/>\n<strong>CIRCUIT EXTREM (<a href=\"https:\/\/www.relive.cc\/view\/v4OGjBY59mv\/explore\" target=\"_blank\" rel=\"noopener\">VISTA INTERACTIVA<\/a>)<br \/>\n<\/strong>Per a la categoria <a href=\"http:\/\/casamanyaextrem.com\/categories-casamanya-extrem-2019\/\">Absoluta<\/a>\n<p><a href=\"https:\/\/www.itra.run\/Races\/RaceDetails\/Casamanya.Extrem.Vertical.Race.Casamanya.Extrem\/2022\/76641\" target=\"_blank\" rel=\"noopener\">Finisher level ITRA: 145<\/a><\/p>\n<strong>Dist\u00e0ncia: 5 km <\/strong><br \/>\n<strong>Desnivell: 1.440 m<\/strong>\n<p><a href=\"http:\/\/casamanyaextrem.com\/wp-content\/uploads\/2022\/06\/GPX-EXTREM.zip\">Descarregar GPX-EXTREM<\/a><\/p>\n<div style=\"width: 960px;\" class=\"wp-video\"><video class=\"wp-video-shortcode\" id=\"video-1301-1\" width=\"960\" height=\"540\" preload=\"metadata\" controls=\"controls\"><source type=\"video\/mp4\" src=\"http:\/\/casamanyaextrem.com\/wp-content\/uploads\/2022\/04\/GPX_CasamanyaExtrem.mp4?_=1\" \/><a href=\"http:\/\/casamanyaextrem.com\/wp-content\/uploads\/2022\/04\/GPX_CasamanyaExtrem.mp4\">http:\/\/casamanyaextrem.com\/wp-content\/uploads\/2022\/04\/GPX_CasamanyaExtrem.mp4<\/a><\/video><\/div>\n<p><a href=\"http:\/\/casamanyaextrem.com\/wp-content\/uploads\/2022\/05\/Perfil_Extrem.png\"><img loading=\"lazy\" decoding=\"async\" src=\"http:\/\/casamanyaextrem.com\/wp-content\/uploads\/2022\/05\/Perfil_Extrem.png\" alt=\"\" width=\"864\" height=\"289\" \/><\/a><\/p>\n<p>El tret de sortida es fa a la pla\u00e7a Major d&#8217;Ordino, a les 9:00 h. Aquesta prova, recomanada per als m\u00e9s valents, segueix un cam\u00ed poc conegut, salvatge i directe fins al cim del Casamanya.<\/p>\n<p><iframe loading=\"lazy\" src=\"https:\/\/es.wikiloc.com\/wikiloc\/spatialArtifacts.do?event=view&amp;id=104762648&amp;measures=off&amp;title=off&amp;near=off&amp;images=off&amp;maptype=H\" width=\"800\" height=\"400\" frameborder=\"0\" scrolling=\"no\"><\/iframe><\/p>\n<hr \/>\n<strong>CIRCUIT CL\u00c0SSIC (<a href=\"https:\/\/www.relive.cc\/view\/v1vj7PQdVYO\/explore\" target=\"_blank\" rel=\"noopener\">VISTA INTERACTIVA<\/a>)<br \/>\n<\/strong>Per a les categories <a href=\"http:\/\/casamanyaextrem.com\/categories-casamanya-extrem-2019\/\">u16<\/a> i <a href=\"http:\/\/casamanyaextrem.com\/categories-casamanya-extrem-2019\/\">u18<\/a>\u00a0de la <a href=\"https:\/\/casamanyaextrem.com\/casamanya-extrem-copa-andorra\/\">Copa Andorra de Curses de Muntanya<\/a><br \/>\nPer a tots els participants a partir de 15 anys que es vulguin posar a prova\n<p><a href=\"https:\/\/www.itra.run\/Races\/RaceDetails\/76642\" target=\"_blank\" rel=\"noopener\">Finisher level ITRA: 6<\/a><\/p>\n<strong>Dist\u00e0ncia: 3,5 km<\/strong><br \/>\n<strong>Desnivell: 760 m<\/strong>\n<p><a href=\"http:\/\/casamanyaextrem.com\/wp-content\/uploads\/2022\/06\/GPX-CLASSIC.zip\">Descarregar GPX-CLASSIC<\/a><\/p>\n<div style=\"width: 960px;\" class=\"wp-video\"><video class=\"wp-video-shortcode\" id=\"video-1301-2\" width=\"960\" height=\"540\" preload=\"metadata\" controls=\"controls\"><source type=\"video\/mp4\" src=\"http:\/\/casamanyaextrem.com\/wp-content\/uploads\/2022\/04\/GPX_CasamanyaClassic.mp4?_=2\" \/><a href=\"http:\/\/casamanyaextrem.com\/wp-content\/uploads\/2022\/04\/GPX_CasamanyaClassic.mp4\">http:\/\/casamanyaextrem.com\/wp-content\/uploads\/2022\/04\/GPX_CasamanyaClassic.mp4<\/a><\/video><\/div>\n<p><a href=\"http:\/\/casamanyaextrem.com\/wp-content\/uploads\/2022\/05\/Perfil_Classic.png\"><img loading=\"lazy\" decoding=\"async\" src=\"http:\/\/casamanyaextrem.com\/wp-content\/uploads\/2022\/05\/Perfil_Classic.png\" alt=\"\" width=\"861\" height=\"288\" \/><\/a><\/p>\n<p>La sortida es fa a les 10:00 h des del coll d&#8217;Ordino i la prova segueix el cam\u00ed tradicional fins arribar al cim del Casamanya.<\/p>\n<p><iframe loading=\"lazy\" src=\"https:\/\/es.wikiloc.com\/wikiloc\/spatialArtifacts.do?event=view&amp;id=104763360&amp;measures=off&amp;title=off&amp;near=off&amp;images=off&amp;maptype=H\" width=\"800\" height=\"400\" frameborder=\"0\" scrolling=\"no\"><\/iframe><\/p>\n<hr \/>\n<strong>CIRCUIT MINI (<a href=\"https:\/\/www.relive.cc\/view\/vmqXNJK2NoO\/explore\" target=\"_blank\" rel=\"noopener\">VISTA INTERACTIVA<\/a>)<br \/>\n<\/strong>Per a les categories <a href=\"http:\/\/casamanyaextrem.com\/categories-casamanya-extrem-2019\/\">u12<\/a> i <a href=\"http:\/\/casamanyaextrem.com\/categories-casamanya-extrem-2019\/\">u14<\/a>\u00a0de la <a href=\"https:\/\/casamanyaextrem.com\/casamanya-extrem-copa-andorra\/\">Copa Andorra de Curses de Muntanya<\/a><br \/>\nPer a tots els participants a partir d&#8217;11 anys que es vulguin posar a prova\n<p><a href=\"https:\/\/www.itra.run\/Races\/RaceDetails\/Casamanya.Extrem.Vertical.Race.Casamanya.MINI\/2022\/76952\" target=\"_blank\" rel=\"noopener\">Finisher level ITRA: 274<\/a><\/p>\n<strong>Dist\u00e0ncia: 2,4 km<\/strong><br \/>\n<strong>Desnivell: 400 m<\/strong>\n<p><a href=\"http:\/\/casamanyaextrem.com\/wp-content\/uploads\/2022\/06\/GPX-MINI.zip\">Descarregar GPX-MINI<\/a><\/p>\n<div style=\"width: 960px;\" class=\"wp-video\"><video class=\"wp-video-shortcode\" id=\"video-1301-3\" width=\"960\" height=\"540\" preload=\"metadata\" controls=\"controls\"><source type=\"video\/mp4\" src=\"http:\/\/casamanyaextrem.com\/wp-content\/uploads\/2022\/05\/GPX_CasamanyaMini.mp4?_=3\" \/><a href=\"http:\/\/casamanyaextrem.com\/wp-content\/uploads\/2022\/05\/GPX_CasamanyaMini.mp4\">http:\/\/casamanyaextrem.com\/wp-content\/uploads\/2022\/05\/GPX_CasamanyaMini.mp4<\/a><\/video><\/div>\n<p><a href=\"http:\/\/casamanyaextrem.com\/wp-content\/uploads\/2022\/05\/Perfil_Mini.png\"><img loading=\"lazy\" decoding=\"async\" src=\"http:\/\/casamanyaextrem.com\/wp-content\/uploads\/2022\/05\/Perfil_Mini.png\" alt=\"\" width=\"864\" height=\"288\" \/><\/a><\/p>\n<p>&nbsp;<\/p>\n<p><iframe loading=\"lazy\" src=\"https:\/\/es.wikiloc.com\/wikiloc\/spatialArtifacts.do?event=view&amp;id=104763707&amp;measures=off&amp;title=off&amp;near=off&amp;images=off&amp;maptype=H\" width=\"800\" height=\"400\" frameborder=\"0\" scrolling=\"no\"><\/iframe><\/p>\n<p>&nbsp;<\/p>\n<hr \/>\n<strong>CIRCUIT START (Iniciaci\u00f3 no competitiva)<br \/>\n<\/strong>A tots aquells que encara no estan en edat de competir (<a href=\"https:\/\/casamanyaextrem.com\/casamanya-extrem-categories\/\">u8 i u10<\/a>). Segueix el mateix recorregut que el circuit MINI, i en trobareu els detalls a la secci\u00f3 <strong><a href=\"https:\/\/casamanyaextrem.com\/?page_id=3334\">Casamanya Extrem No Limits<\/a><\/strong>.\n<strong>Dist\u00e0ncia: 2,4 km<\/strong><br \/>\n<strong>Desnivell: 400 m<\/strong>\n<hr \/>\n<p><em>NOTA: L&#8217;organitzaci\u00f3 es reserva el dret de modificar els recorreguts i horaris dels circuits en funci\u00f3 de les condicions meteorol\u00f2giques o causes de for\u00e7a major que afectin la seguretat dels participants.<\/em><\/p>\n\n","protected":false},"excerpt":{"rendered":"<p>Tots els corredors tenen les seves opcions: Aquests s\u00f3n els recorreguts de la Casamanya Extrem Vertical Race CIRCUIT EXTREM (VISTA INTERACTIVA) Per a la categoria Absoluta Finisher level ITRA: 145 Dist\u00e0ncia: 5 km Desnivell: 1.440 m Descarregar GPX-EXTREM El tret de sortida es fa a la pla\u00e7a Major d&#8217;Ordino, a les 9:00 h. Aquesta prova, [&hellip;]<\/p>\n","protected":false},"author":1,"featured_media":0,"parent":0,"menu_order":0,"comment_status":"closed","ping_status":"closed","template":"","meta":{"site-sidebar-layout":"default","site-content-layout":"default","ast-site-content-layout":"default","site-content-style":"default","site-sidebar-style":"default","ast-global-header-display":"","ast-banner-title-visibility":"","ast-main-header-display":"","ast-hfb-above-header-display":"","ast-hfb-below-header-display":"","ast-hfb-mobile-header-display":"","site-post-title":"","ast-breadcrumbs-content":"","ast-featured-img":"","footer-sml-layout":"","ast-disable-related-posts":"","theme-transparent-header-meta":"default","adv-header-id-meta":"","stick-header-meta":"","header-above-stick-meta":"","header-main-stick-meta":"","header-below-stick-meta":"","astra-migrate-meta-layouts":"default","ast-page-background-enabled":"default","ast-page-background-meta":{"desktop":{"background-color":"","background-image":"","background-repeat":"repeat","background-position":"center center","background-size":"auto","background-attachment":"scroll","background-type":"","background-media":"","overlay-type":"","overlay-color":"","overlay-opacity":"","overlay-gradient":""},"tablet":{"background-color":"","background-image":"","background-repeat":"repeat","background-position":"center center","background-size":"auto","background-attachment":"scroll","background-type":"","background-media":"","overlay-type":"","overlay-color":"","overlay-opacity":"","overlay-gradient":""},"mobile":{"background-color":"","background-image":"","background-repeat":"repeat","background-position":"center center","background-size":"auto","background-attachment":"scroll","background-type":"","background-media":"","overlay-type":"","overlay-color":"","overlay-opacity":"","overlay-gradient":""}},"ast-content-background-meta":{"desktop":{"background-color":"var(--ast-global-color-5)","background-image":"","background-repeat":"repeat","background-position":"center center","background-size":"auto","background-attachment":"scroll","background-type":"","background-media":"","overlay-type":"","overlay-color":"","overlay-opacity":"","overlay-gradient":""},"tablet":{"background-color":"var(--ast-global-color-5)","background-image":"","background-repeat":"repeat","background-position":"center center","background-size":"auto","background-attachment":"scroll","background-type":"","background-media":"","overlay-type":"","overlay-color":"","overlay-opacity":"","overlay-gradient":""},"mobile":{"background-color":"var(--ast-global-color-5)","background-image":"","background-repeat":"repeat","background-position":"center center","background-size":"auto","background-attachment":"scroll","background-type":"","background-media":"","overlay-type":"","overlay-color":"","overlay-opacity":"","overlay-gradient":""}},"footnotes":""},"class_list":["post-1301","page","type-page","status-publish","hentry"],"lang":"ca","translations":{"ca":5860,"en":3062,"fr":4485,"es":2892},"pll_sync_post":[],"_links":{"self":[{"href":"https:\/\/casamanyaextrem.com\/index.php?rest_route=\/wp\/v2\/pages\/1301","targetHints":{"allow":["GET"]}}],"collection":[{"href":"https:\/\/casamanyaextrem.com\/index.php?rest_route=\/wp\/v2\/pages"}],"about":[{"href":"https:\/\/casamanyaextrem.com\/index.php?rest_route=\/wp\/v2\/types\/page"}],"author":[{"embeddable":true,"href":"https:\/\/casamanyaextrem.com\/index.php?rest_route=\/wp\/v2\/users\/1"}],"replies":[{"embeddable":true,"href":"https:\/\/casamanyaextrem.com\/index.php?rest_route=%2Fwp%2Fv2%2Fcomments&post=1301"}],"version-history":[{"count":71,"href":"https:\/\/casamanyaextrem.com\/index.php?rest_route=\/wp\/v2\/pages\/1301\/revisions"}],"predecessor-version":[{"id":5784,"href":"https:\/\/casamanyaextrem.com\/index.php?rest_route=\/wp\/v2\/pages\/1301\/revisions\/5784"}],"wp:attachment":[{"href":"https:\/\/casamanyaextrem.com\/index.php?rest_route=%2Fwp%2Fv2%2Fmedia&parent=1301"}],"curies":[{"name":"wp","href":"https:\/\/api.w.org\/{rel}","templated":true}]}}