{"id":2763,"date":"2022-04-01T06:20:50","date_gmt":"2022-04-01T04:20:50","guid":{"rendered":"https:\/\/casamanyaextrem.com\/?page_id=2763"},"modified":"2024-12-29T21:06:51","modified_gmt":"2024-12-29T20:06:51","slug":"politica-de-privacitat","status":"publish","type":"page","link":"https:\/\/casamanyaextrem.com\/?page_id=2763","title":{"rendered":"Pol\u00edtica de Privacitat"},"content":{"rendered":"\n\n\t<p>Mitjan\u00e7ant aquesta Pol\u00edtica de Privacitat, Estripagecs Mountain Events l&#8217;informa de les dades personals que recollim a trav\u00e9s dels serveis que ofereix el nostre lloc web, com les tractem, i els drets que en relaci\u00f3 amb les seves dades personals i els nostres tractaments li atorga la normativa de Protecci\u00f3 de Dades Personals que ens \u00e9s aplicable.<\/p>\n<h3>Normativa aplicable<\/h3>\n<p>Concretament ens aplica:<\/p>\n<ol>\n<li>Llei 29\/2021, del 28 d&#8217;octubre, qualificada de protecci\u00f3 de<br \/>\ndades personals, Qualificada de Protecci\u00f3 de Dades Personals (en endavant, &#8220;la <strong>LQPD<\/strong>&#8220;) i els seus reglaments d&#8217;execuci\u00f3, i<\/li>\n<li>Reglament (UE) 679\/2016 del Parlament Europeu i del Consell, de 27 d&#8217;abril de 2016, relatiu a la protecci\u00f3 de les persones f\u00edsiques quant al tractament de dades personals i a la lliure circulaci\u00f3 d&#8217;aquestes dades (en endavant, &#8220;l&#8217;<strong>RGPD<\/strong>&#8220;).<\/li>\n<\/ol>\n<p>Aix\u00ed mateix, i en compliment de l&#8217;establert en la LQPD en relaci\u00f3 amb els fitxers, l&#8217;informem que qualsevol dada personal que ens faciliti passar\u00e0 a formar part dels nostres fitxers degudament inscrits en l&#8217;Ag\u00e8ncia Andorrana de Protecci\u00f3 de Dades (<a href=\"https:\/\/www.apda.ad\/\">APDA<\/a>).<\/p>\n<p>Hem estructurat la informaci\u00f3 en els apartats seg\u00fcents per facilitar-li l&#8217;acc\u00e9s als punts del seu inter\u00e8s, si b\u00e9 li recomanem que llegeixi aquesta Pol\u00edtica de Privacitat \u00edntegrament:<\/p>\n<ol>\n<li>A qui aplica aquesta Pol\u00edtica de Privacitat?<\/li>\n<li>Com obtenim les seves dades personals?<\/li>\n<li>Per a qu\u00e8 i amb quina base legal utilitzem les seves dades personals?<\/li>\n<li>Qui \u00e9s el responsable del que fem amb les seves dades personals?<\/li>\n<li>Amb qui podem compartir les seves dades personals?<\/li>\n<li>Quant temps conservem les seves dades personals?<\/li>\n<li>Quins drets t\u00e9?<\/li>\n<li>Quines responsabilitats t\u00e9?<\/li>\n<li>Com protegim les seves dades personals?<\/li>\n<li>Modificacions d&#8217;aquesta Pol\u00edtica de Privacitat<\/li>\n<\/ol>\n<hr \/>\n<p><strong>1. A qui aplica aquesta Pol\u00edtica de Privacitat?<\/strong><\/p>\n<p>Aquesta Pol\u00edtica aplica als visitants del nostre lloc web i a totes les persones les dades personals de les quals puguin apar\u00e8ixer en el nostre lloc web o en el context dels serveis que aquest ofereix.<\/p>\n<p><strong>2. Com obtenim les seves dades personals?<\/strong><\/p>\n<p>En general, \u00e9s vost\u00e8 qui, directa i conscientment, ens proporciona les seves dades personals -per exemple, mitjan\u00e7ant els diferents formularis que hi ha en aquest lloc web-. Les \u00faniques excepcions a aquesta norma general, s\u00f3n:<\/p>\n<ul>\n<li>\n<ul>\n<li>Les fotografies d&#8217;esdeveniments que organitza Estripagecs Mountain Events, o en els quals participa, o en les quals Estripagecs Mountain Events consideri que l&#8217;inter\u00e8s p\u00fablic i el dret d&#8217;informaci\u00f3 prevalen sobre els possibles interessos de les persones la imatge u altres dades personals de les quals es publiquin en el lloc web.<\/li>\n<li>Les dades personals que sobre vost\u00e8 puguin apar\u00e8ixer, per exemple en qualitat de beneficiari, en els correus electr\u00f2nics o en les sol\u00b7licituds de serveis adre\u00e7ades a Estripagecs Mountain Events.<\/li>\n<li>Les dades personals requerides per a la pr\u00f2pia organitzaci\u00f3 dels esdeveniments, com poden ser el control de cobertura d&#8217;assegurances, confecci\u00f3 de les categories necess\u00e0ries per a les proves competitives i el\u00b7laboraci\u00f3 de resultats de dites competicions.<\/li>\n<li>Durant i dins el context dels esdeveniments organitzats per Estripagecs Mountain Events, la pr\u00f2pia organitzaci\u00f3 recull imatges i v\u00eddeos dels participants, voluntaris i assistents en car\u00e0cter de p\u00fablic a dits esdeveniments.<\/li>\n<li>Les cookies d&#8217;aquest lloc web (sobre les quals vost\u00e8 pot obtenir m\u00e9s informaci\u00f3 en nostra <u>Pol\u00edtica de Cookies<\/u>).<\/li>\n<\/ul>\n<\/li>\n<\/ul>\n<p><strong>3. Per a qu\u00e8 les utilitzem les seves dades personals i amb quina base legal ho fem?<\/strong><\/p>\n<p><strong>Per a publicar informaci\u00f3 en el lloc web. <\/strong>Publiquem fotografies o v\u00eddeos que poden incloure imatges o altres dades de car\u00e0cter personal, \u00a0quan considerem que aquestes s\u00f3n proporcionades i necess\u00e0ries per il\u00b7lustrar una informaci\u00f3 d&#8217;inter\u00e8s p\u00fablic.<\/p>\n<p>La base legal d&#8217;aquest tractament \u00e9s el seu consentiment i l&#8217;inter\u00e8s p\u00fablic que empara el dret d&#8217;informaci\u00f3.<\/p>\n<p><strong>Per a enviar-li informaci\u00f3 (newsletters). <\/strong>Recollim el seu correu electr\u00f2nic, que volunt\u00e0riament ens proporciona en subscriure-se&#8217;n al nostre servei de newsletters o quan modifica les seves prefer\u00e8ncies en relaci\u00f3 amb aquest servei, per enviar-li les nostres newsletters i, si escau, altres informacions i activitats que puguem considerar del seu inter\u00e8s.<\/p>\n<p>La base legal d&#8217;aquest tractament \u00e9s el seu consentiment.<\/p>\n<p><strong>Per a comunicar-nos en l&#8217;\u00e0mbit professional amb vost\u00e8 o amb l&#8217;entitat que representa. <\/strong>Recaptem les seves dades de contacte professionals (com, per exemple, el seu correu electr\u00f2nic i el seu tel\u00e8fon) per a poder comunicar-nos amb vost\u00e8.<\/p>\n<p>La base que legitima aquesta activitat de tractament \u00e9s el nostre inter\u00e8s leg\u00edtim en contactar amb vost\u00e8 en relaci\u00f3 amb la seva professi\u00f3 i\/o amb l&#8217;entitat a la qual vost\u00e8 pugui representar.<\/p>\n<p><strong>Per a atendre les seves sol\u00b7licituds o queixes. <\/strong>Recollim les dades personals de contacte que vost\u00e8 ens proporciona en els seus correus electr\u00f2nics o per tel\u00e8fon, per a atendre les sol\u00b7licituds o queixes en relaci\u00f3 amb el nostres serveis.<\/p>\n<p>La base legal d&#8217;aquest tractament \u00e9s el consentiment que expressament manifesta en enviar-nos o donar-nos aquestes dades, i el nostre inter\u00e8s leg\u00edtim en atendre&#8217;l.<\/p>\n<p><strong>Per a millorar la seva experi\u00e8ncia en el nostre lloc web.\u00a0<\/strong>Utilitzem cookies per a recollir informaci\u00f3 sobre les seves visites al nostre lloc web i la seva interacci\u00f3 amb els nostres continguts. Utilitzem aquesta informaci\u00f3 amb diversos prop\u00f2sits: millorar la seva experi\u00e8ncia, poder mostrar-li \u00a0continguts en funci\u00f3 dels seus h\u00e0bits de navegaci\u00f3 i extreure estad\u00edstiques agregades. Per a con\u00e8ixer de manera clara i precisa les cookies que utilitzem, quines s\u00f3n les seves finalitats i com pot configurar-les o desactivar-les, si us plau consulti la nostra Pol\u00edtica de Cookies.<\/p>\n<p>El tractament que t\u00e9 com a finalitat millorar la seva experi\u00e8ncia t\u00e9 com a base legal el nostre inter\u00e8s leg\u00edtim en oferir-li el millor servei possible, i el consentiment que volunt\u00e0riament ens hagi donat per fer servir les cookies no necess\u00e0ries.<\/p>\n<p><strong>Per a altres finalitats que no siguin incompatibles amb les anteriors.\u00a0<\/strong>Podem fer \u00fas de les seves dades personals per a altres finalitats que no siguin incompatibles amb les anteriorment assenyalades (com ara finalitats d&#8217;arxiu per ra\u00f3 d&#8217;inter\u00e8s p\u00fablic, finalitats de recerca cient\u00edfica o hist\u00f2rica, o finalitats estad\u00edstiques) sempre que aix\u00f2 estigui perm\u00e8s per la normativa en vigor en mat\u00e8ria de protecci\u00f3 de dades personals i actuant d&#8217;acord amb aquesta i amb la resta de normativa aplicable.<\/p>\n<p><strong>4. Qui \u00e9s el responsable del que fem amb les seves dades personals?<\/strong><\/p>\n<p>L&#8217;\u00fanic responsable de les activitats de tractament de dades personals que aqu\u00ed es descriuen \u00e9s Estripagecs Mountain Events. Si en algun moment desitja comunicar-se amb nosaltres per a contrastar opinions sobre les nostres pr\u00e0ctiques de privacitat, o per a realitzar qualsevol consulta relacionada amb les seves dades personals, o si no desitja que continuem fent \u00fas de les seves dades personals o desitja exercir altres drets, pot posar-se en contacte amb nosaltres a trav\u00e9s de qualsevol dels seg\u00fcents mitjans:<\/p>\n<ul>\n<li>\n<ul>\n<li><strong>Per correu postal<\/strong>, dirigint-se a Estripagecs Mountain Events, Mirador d&#8217;Ordino AD300 Ordino, Principat d&#8217;Andorra.<\/li>\n<li><strong>Per correu electr\u00f2nic<\/strong>, adre\u00e7ant-se a <a href=\"mailto:admin@estripagecs.com\" target=\"_blank\" rel=\"noopener\">admin@estripagecs.com<\/a><\/li>\n<\/ul>\n<\/li>\n<\/ul>\n<p>Estripagecs Mountain Events no \u00e9s responsable de les activitats que portin a terme altres llocs web, fins i tot si s&#8217;accedeix als mateixos mitjan\u00e7ant enlla\u00e7os que hi hagi al nostre lloc web. \u00c9s per aix\u00f2 que li recomanem encaridament que llegeixi amb atenci\u00f3 la informaci\u00f3 que li proporcionin aquestes altres responsables (especialment les pol\u00edtiques de privacitat i de cookies de cada lloc web que visiti) abans de donar-los les seves dades personals, i que es comuniqui amb el seu responsable si t\u00e9 alguna inquietud o pregunta.<\/p>\n<p><strong>5. Amb qui podem compartir les seves dades personals?<\/strong><\/p>\n<p>Estripagecs Mountain Events no cedeix les seves dades personals tret que:<\/p>\n<ul>\n<li>\n<ul>\n<li>Sigui vost\u00e8 mateix qui ens ho sol\u00b7liciti,<\/li>\n<li>Tinguem l&#8217;obligaci\u00f3 legal de fer-ho (per exemple, estem legalment obligats a proporcionar c\u00f2pies de factures al Departament de Tributs i de Fronteres del Govern d&#8217;Andorra quan aix\u00ed ens ho sol\u00b7liciti),<\/li>\n<li>Necessitem protegir els seus drets, els nostres, els dels nostres empleats, o els de tercers (el que inclou la cessi\u00f3 a la policia per motius de seguretat o a les autoritats de salut per a prevenir la propagaci\u00f3 de malalties, per exemple, per a fins de rastreig de contactes), o<\/li>\n<li>Necessitem que les tractin els nostres prove\u00efdors de serveis, en el nostre nom (per exemple, per a l&#8217;enviament de les newsletters, o per a la gesti\u00f3 i el manteniment dels nostres sistemes d&#8217;informaci\u00f3).<\/li>\n<\/ul>\n<\/li>\n<\/ul>\n<p>Qualsevol transfer\u00e8ncia internacional que eventualment necessitem dur a terme complir\u00e0 amb all\u00f2 que s&#8217;estableixi en totes les normatives en vigor que apliquin a Estripagecs Mountain Events.<\/p>\n<p><strong>6. Quant temps conservem les seves dades personals?<\/strong><\/p>\n<p>Estripagecs Mountain Events conserva les seves dades personals exclusivament durant el temps que durin els tractaments que les requereixen, i despr\u00e9s, per a complir amb les obligacions legals que ens apliquin en cada moment (incloent-hi l&#8217;obligaci\u00f3 de poder demostrar que hem at\u00e8s una sol\u00b7licitud de destrucci\u00f3 de totes les seves dades personals).<\/p>\n<p>Quan no tinguem una necessitat leg\u00edtima per a retenir alguna de les seves dades personals, les eliminarem o les anonimitzarem i, si aix\u00f2 no fos possible (per exemple, perqu\u00e8 es trobin en c\u00f2pies de seguretat), les emmagatzemarem de manera segura i les bloquejarem per a\u00efllar-les de qualsevol processament posterior fins que sigui possible la seva eliminaci\u00f3.<\/p>\n<p>Concretament, les dades que recollim de les cookies s&#8217;esborren al cap de 3 mesos i les que recollim per a la resta de finalitats esmentades en aquesta pol\u00edtica no s&#8217;esborren en tant vost\u00e8 no ens ho demani.<\/p>\n<p><strong>7. Quins drets t\u00e9?<\/strong><\/p>\n<p>T\u00e9 dret a obtenir confirmaci\u00f3 sobre si Estripagecs Mountain Events ha recollit o no alguna dada personal seva.<\/p>\n<p>A continuaci\u00f3 li expliquem quins altres drets t\u00e9 i com exercir-los.<\/p>\n<p><strong>Drets associats a les normatives del Principat d&#8217;Andorra.\u00a0<\/strong>En cas que es trobi f\u00edsicament al Principat d&#8217;Andorra o fora de la Uni\u00f3 Europea quan consulti o utilitzi els serveis del nostre lloc web, la LQPD li atorga els seg\u00fcents drets:<\/p>\n<ul>\n<li>\n<ul>\n<li><a href=\"https:\/\/www.apda.ad\/ca\/dret-dacces\">Acc\u00e9s a les seves dades personals<\/a>.<\/li>\n<li><a href=\"https:\/\/www.apda.ad\/ca\/dret-de-rectificacio\">Rectificaci\u00f3 d&#8217;alguna de les seves dades personals<\/a>.<\/li>\n<li><a href=\"https:\/\/www.apda.ad\/ca\/dret-de-supressio\">Supressi\u00f3 d&#8217;alguna dada personal, o de totes elles<\/a>.<\/li>\n<li><a href=\"https:\/\/www.apda.ad\/ca\/dret-doposicio\">Oposici\u00f3 a algun dels nostres tractaments<\/a>.<\/li>\n<\/ul>\n<\/li>\n<\/ul>\n<p><strong>Drets associats a les normatives de la Uni\u00f3 Europea.\u00a0<\/strong>Si, per contra, vost\u00e8 es troba a la Uni\u00f3 Europea quan consulta o utilitza els serveis del nostre lloc web, a m\u00e9s d&#8217;estar emparat per la LQPD ho estar\u00e0 tamb\u00e9 per l&#8217;RGPD, que li confereix addicionalment els seg\u00fcents drets (veur\u00e0 que en alguns casos, les \u00faniques difer\u00e8ncies amb els ja atorgats per la llei andorrana es redueixen als terminis d&#8217;atenci\u00f3 i a l&#8217;Autoritat de Control prop de la qual vost\u00e8 pot presentar una reclamaci\u00f3, en l&#8217;eventual cas que consideri que no hem satisfet els seus drets):<\/p>\n<ul>\n<li>\n<ul>\n<li><a href=\"https:\/\/www.aepd.es\/es\/derechos-y-deberes\/conoce-tus-derechos\/derecho-de-acceso\">Acc\u00e9s a les seves dades personals<\/a>.<\/li>\n<li><a href=\"https:\/\/www.aepd.es\/es\/derechos-y-deberes\/conoce-tus-derechos\/derecho-de-rectificacion\">Rectificaci\u00f3 d&#8217;alguna de les seves dades personals<\/a>, especificant la ra\u00f3.<\/li>\n<li><a href=\"https:\/\/www.aepd.es\/es\/derechos-y-deberes\/conoce-tus-derechos\/derecho-de-supresion-al-olvido\">Supressi\u00f3 d&#8217;alguna o totes les seves dades personals<\/a>.<\/li>\n<li><a href=\"https:\/\/www.aepd.es\/es\/derechos-y-deberes\/conoce-tus-derechos\/derecho-la-limitacion-del-tratamiento\">Limitaci\u00f3 del tractament de les seves dades<\/a>, especificant la ra\u00f3 de la limitaci\u00f3.<\/li>\n<li><a href=\"https:\/\/www.aepd.es\/es\/derechos-y-deberes\/conoce-tus-derechos\/derecho-de-oposicion\">Oposici\u00f3 al tractament de les seves dades personals<\/a>.<\/li>\n<li><a href=\"https:\/\/www.aepd.es\/es\/derechos-y-deberes\/conoce-tus-derechos\/derecho-la-portabilidad\">Portabilitat de les seves dades<\/a> quan la base de legitimaci\u00f3 de la seva recollida hagi sigut el seu consentiment o un contracte.<\/li>\n<li><a href=\"https:\/\/www.aepd.es\/es\/derechos-y-deberes\/conoce-tus-derechos\/derecho-no-ser-objeto-de-decisiones-individuales\">Dret a no ser objecte de decisions individuals automatitzades<\/a>.<\/li>\n<\/ul>\n<\/li>\n<\/ul>\n<p><strong>On i com pot exercir els seus drets.\u00a0<\/strong>Per a que vost\u00e8 pugui exercir els seus drets, Estripagecs Mountain Events posa a la seva disposici\u00f3 els seg\u00fcents mitjans:<\/p>\n<ol>\n<li>\n<ol>\n<li>Mitjan\u00e7ant l&#8217;enviament a Estripagecs Mountain Events d&#8217;una sol\u00b7licitud escrita adre\u00e7ada a Estripagecs Mountain Events, a la nostra adre\u00e7a postal indicada en l&#8217;apartat 4 d&#8217;aquesta pol\u00edtica, indicant-nos un mitj\u00e0 de contacte amb vost\u00e8 per poder respondre a la seva sol\u00b7licitud, o demanar-li m\u00e9s informaci\u00f3. Agrair\u00edem que indiques en el sobre &#8220;Exercici de Drets de Protecci\u00f3 de Dades Personals&#8221;.<\/li>\n<li>Mitjan\u00e7ant l&#8217;enviament a Estripagecs Mountain Events del corresponent formulari (que trobar\u00e0 a continuaci\u00f3), a l&#8217;adre\u00e7a de correu electr\u00f2nic <a href=\"mailto:admin@estripagecs.com\" target=\"_blank\" rel=\"noopener\">admin@estripagecs.com<\/a>, indicant en l&#8217;assumpte Exercici de Drets de Protecci\u00f3 de Dades Personals.<\/li>\n<\/ol>\n<\/li>\n<\/ol>\n<p>En tots dos casos, si no ens \u00e9s possible comprovar que vost\u00e8 \u00e9s qui diu ser, li sol\u00b7licitarem que si us plau ens remeti una c\u00f2pia del seu passaport o document nacional d&#8217;identitat oficial per a poder assegurar-nos de respondre \u00fanicament a l&#8217;interessat o al seu representant legal, havent d&#8217;aportar en aquest darrer cas un document acreditatiu de la representaci\u00f3.<\/p>\n<p>Aix\u00ed mateix, i especialment si considera que no ha obtingut satisfacci\u00f3 plena en l&#8217;exercici dels seus drets, l&#8217;informem que podr\u00e0 presentar una reclamaci\u00f3 davant l&#8217;autoritat nacional de control del seu pa\u00eds, o dirigint-se a aquest efecte a l&#8217;Ag\u00e8ncia andorrana de Protecci\u00f3 de Dades (<a href=\"https:\/\/www.apda.ad\/ca\/contact\">APDA<\/a>).<\/p>\n<p><strong>8. Quines responsabilitats t\u00e9?<\/strong><\/p>\n<p>En facilitar-nos les seves dades, vost\u00e8 ens garanteix que les dades facilitades s\u00f3n exactes i completes. Igualment, ens confirma que respon de la veracitat de les dades personals que ens ha comunicat i que les mantindr\u00e0 convenientment actualitzades de manera que responguin a la seva situaci\u00f3 real, fent-se responsable de les dades personals falses i inexactes que pogu\u00e9s proporcionar-nos, aix\u00ed com dels danys i perjudicis, directes o indirectes, que de la seva inexactitud poguessin derivar-se.<\/p>\n<p>No ens pot facilitar dades personals d&#8217;altres persones tret que estigui justificat en relaci\u00f3 amb els serveis que ens sol\u00b7licita. En qualsevol cas, si ens facilita les dades personals de tercers assumeix la responsabilitat d&#8217;informar a aquests tercers, pr\u00e8viament a facilitar-nos les seves dades personals, sobre totes les disposicions previstes en aquesta pol\u00edtica de privacitat, i es fa responsable de la licitud d&#8217;aquestes dades personals i de transmetre els drets que dites terceres tenen sobre les seves dades personals.<\/p>\n<p>En els casos en els quals hagi de facilitar-nos dades personals d&#8217;un menor de 16 anys o d&#8217;una persona que tingui els seus drets limitats, en fer-ho s&#8217;obliga a comptar amb l&#8217;autoritzaci\u00f3 dels titulars de la seva p\u00e0tria potestat o tutela. Sense aquesta autoritzaci\u00f3, resta prohibit que ens faciliti qualsevol dada personal d&#8217;aquestes persones.<\/p>\n<p><strong>9. Com protegim les seves dades personals?<\/strong><\/p>\n<p>Estem totalment compromesos amb la protecci\u00f3 de la seva privacitat i les seves dades personals. Hem elaborat el registre de totes les activitats de tractament de dades personals que porta a terme Estripagecs Mountain Events, i hem analitzat el risc que pot suposar-li cadascuna d&#8217;aquestes activitats, aix\u00ed com implementat les salvaguardes legals, t\u00e8cniques i organitzacionals adequades per a evitar, en la mesura del possible (ja que el risc zero no existeix), l&#8217;alteraci\u00f3 de les seves dades personals, el seu mal \u00fas, perduda, robatori, acc\u00e9s, o tractament no autoritzat. Mantenim convenientment actualitzades les pol\u00edtiques de privacitat i cookies d&#8217;aquest lloc web per a assegurar que li proporcionem tota la informaci\u00f3 que tenim sobre el tractament de les seves dades personals. Hem signat cl\u00e0usules de protecci\u00f3 de dades i contractes d&#8217;encarregat de tractament amb tots els nostres prove\u00efdors de serveis, atesa la necessitat que cadascun t\u00e9 de tractar dades personals. Restringim l&#8217;acc\u00e9s a dades personals a aquells empleats que realment necessitin con\u00e8ixer-les per a realitzar algun dels tractaments esmentats en aquesta pol\u00edtica, i els hem format i conscienciat sobre la import\u00e0ncia de la confidencialitat i el manteniment de la privacitat i seguretat de la seva informaci\u00f3, aix\u00ed com sobre les mesures disciplin\u00e0ries que implicaria qualsevol eventual infracci\u00f3 en aquesta mat\u00e8ria.<\/p>\n<p><strong>10. Modificacions d&#8217;aquesta Pol\u00edtica de Privacitat<\/strong><\/p>\n<p>Actualitzarem aquesta pol\u00edtica quan sigui necessari per a reflectir-hi eventuals canvis que s&#8217;hi produeixin, per exemple, quan entri en vigor la Llei 29\/2021, del 28 d&#8217;octubre, qualificada de protecci\u00f3 de dades personals. Si hi ha canvis substancials en aquesta pol\u00edtica o en la forma en qu\u00e8 Estripagecs Mountain Events pensi utilitzar les seves dades personals, li ho notificarem abans que entrin en vigor enviant-li una notificaci\u00f3 o publicant un av\u00eds prominent en aquesta web, i vost\u00e8 tindr\u00e0 l&#8217;opci\u00f3 d&#8217;exercitar els seus drets tal com l&#8217;hem informat en una secci\u00f3 anterior. En qualsevol cas, li recomanem que revisi peri\u00f2dicament aquesta pol\u00edtica de privacitat per a saber com protegim les seves dades personals.<\/p>\n<p>Si t\u00e9 alguna pregunta sobre aquesta pol\u00edtica, no dubti a comunicar-nos-la enviant un correu a <a href=\"mailto:admin@estripagecs.com\" target=\"_blank\" rel=\"noopener\">admin@estripagecs.com<\/a><\/p>\n<p><strong>\u00daltima actualitzaci\u00f3: 29 de desembre de 2024<\/strong><\/p>\n\n","protected":false},"excerpt":{"rendered":"<p>Mitjan\u00e7ant aquesta Pol\u00edtica de Privacitat, Estripagecs Mountain Events l&#8217;informa de les dades personals que recollim a trav\u00e9s dels serveis que ofereix el nostre lloc web, com les tractem, i els drets que en relaci\u00f3 amb les seves dades personals i els nostres tractaments li atorga la normativa de Protecci\u00f3 de Dades Personals que ens \u00e9s [&hellip;]<\/p>\n","protected":false},"author":1,"featured_media":0,"parent":0,"menu_order":0,"comment_status":"closed","ping_status":"closed","template":"","meta":{"site-sidebar-layout":"default","site-content-layout":"","ast-site-content-layout":"default","site-content-style":"default","site-sidebar-style":"default","ast-global-header-display":"","ast-banner-title-visibility":"","ast-main-header-display":"","ast-hfb-above-header-display":"","ast-hfb-below-header-display":"","ast-hfb-mobile-header-display":"","site-post-title":"","ast-breadcrumbs-content":"","ast-featured-img":"","footer-sml-layout":"","ast-disable-related-posts":"","theme-transparent-header-meta":"","adv-header-id-meta":"","stick-header-meta":"","header-above-stick-meta":"","header-main-stick-meta":"","header-below-stick-meta":"","astra-migrate-meta-layouts":"default","ast-page-background-enabled":"default","ast-page-background-meta":{"desktop":{"background-color":"","background-image":"","background-repeat":"repeat","background-position":"center center","background-size":"auto","background-attachment":"scroll","background-type":"","background-media":"","overlay-type":"","overlay-color":"","overlay-opacity":"","overlay-gradient":""},"tablet":{"background-color":"","background-image":"","background-repeat":"repeat","background-position":"center center","background-size":"auto","background-attachment":"scroll","background-type":"","background-media":"","overlay-type":"","overlay-color":"","overlay-opacity":"","overlay-gradient":""},"mobile":{"background-color":"","background-image":"","background-repeat":"repeat","background-position":"center center","background-size":"auto","background-attachment":"scroll","background-type":"","background-media":"","overlay-type":"","overlay-color":"","overlay-opacity":"","overlay-gradient":""}},"ast-content-background-meta":{"desktop":{"background-color":"var(--ast-global-color-5)","background-image":"","background-repeat":"repeat","background-position":"center center","background-size":"auto","background-attachment":"scroll","background-type":"","background-media":"","overlay-type":"","overlay-color":"","overlay-opacity":"","overlay-gradient":""},"tablet":{"background-color":"var(--ast-global-color-5)","background-image":"","background-repeat":"repeat","background-position":"center center","background-size":"auto","background-attachment":"scroll","background-type":"","background-media":"","overlay-type":"","overlay-color":"","overlay-opacity":"","overlay-gradient":""},"mobile":{"background-color":"var(--ast-global-color-5)","background-image":"","background-repeat":"repeat","background-position":"center center","background-size":"auto","background-attachment":"scroll","background-type":"","background-media":"","overlay-type":"","overlay-color":"","overlay-opacity":"","overlay-gradient":""}},"footnotes":""},"class_list":["post-2763","page","type-page","status-publish","hentry"],"lang":"ca","translations":{"es":6894,"ca":2763,"en":6898,"fr":6907},"pll_sync_post":[],"_links":{"self":[{"href":"https:\/\/casamanyaextrem.com\/index.php?rest_route=\/wp\/v2\/pages\/2763","targetHints":{"allow":["GET"]}}],"collection":[{"href":"https:\/\/casamanyaextrem.com\/index.php?rest_route=\/wp\/v2\/pages"}],"about":[{"href":"https:\/\/casamanyaextrem.com\/index.php?rest_route=\/wp\/v2\/types\/page"}],"author":[{"embeddable":true,"href":"https:\/\/casamanyaextrem.com\/index.php?rest_route=\/wp\/v2\/users\/1"}],"replies":[{"embeddable":true,"href":"https:\/\/casamanyaextrem.com\/index.php?rest_route=%2Fwp%2Fv2%2Fcomments&post=2763"}],"version-history":[{"count":13,"href":"https:\/\/casamanyaextrem.com\/index.php?rest_route=\/wp\/v2\/pages\/2763\/revisions"}],"predecessor-version":[{"id":6905,"href":"https:\/\/casamanyaextrem.com\/index.php?rest_route=\/wp\/v2\/pages\/2763\/revisions\/6905"}],"wp:attachment":[{"href":"https:\/\/casamanyaextrem.com\/index.php?rest_route=%2Fwp%2Fv2%2Fmedia&parent=2763"}],"curies":[{"name":"wp","href":"https:\/\/api.w.org\/{rel}","templated":true}]}}