{"id":2993,"date":"2022-04-15T08:52:53","date_gmt":"2022-04-15T06:52:53","guid":{"rendered":"https:\/\/casamanyaextrem.com\/?page_id=2993"},"modified":"2024-12-29T21:47:45","modified_gmt":"2024-12-29T20:47:45","slug":"aviso-legal","status":"publish","type":"page","link":"https:\/\/casamanyaextrem.com\/?page_id=2993&lang=es","title":{"rendered":"Aviso Legal"},"content":{"rendered":"\n\n\t<p><strong>Titularidad y finalidad del Sitio Web<\/strong><\/p>\n<p>Usted ha accedido a un sitio web (en adelante, &#8220;el Sitio Web&#8221;) cuyo nombre de dominio (<u><a href=\"https:\/\/casamanyaextrem.com\">www.casamanyaextrem.com<\/a><\/u>) es titularidad de la Sociedad Mercantil Estripagecs Mountain Events, SL, inscrita en el Registro de Sociedades del M.I. Gobierno de Andorra, con NRT L-719157-B, domiciliada en la Carretera del Coll d&#8217;Ordino 57 de Ordino (Principado de Andorra).<\/p>\n<p>La finalidad del Sitio Web es informar de los eventos, actividades y otras iniciativas del comercio Estripagecs Mountain Events (de ahora en adelante, conjuntamente, &#8220;las Iniciativas&#8221;).<\/p>\n<p>Para cualquier consulta o reclamaci\u00f3n en relaci\u00f3n con el Sitio Web o las Iniciativas, Estripagecs Mountain Events pone a su disposici\u00f3n el correo electr\u00f3nico de contacto <a href=\"mailto:admin@estripagecs.com\">admin@estripagecs.com<\/a>.<\/p>\n<hr \/>\n<p><strong>Aceptaci\u00f3n de los T\u00e9rminos y Condiciones de uso del Sitio Web<\/strong><\/p>\n<p>El acceso al Sitio Web comporta la plena aceptaci\u00f3n, por parte de sus usuarios, de los t\u00e9rminos y condiciones de uso establecidos en este aviso legal, as\u00ed como en la pol\u00edtica de privacidad y la pol\u00edtica de &#8220;cookies&#8221;, las cuales tambi\u00e9n se encuentran a su disposici\u00f3n en el Sitio Web (de ahora en adelante, &#8220;los T\u00e9rminos y Condiciones&#8221;).<\/p>\n<p>As\u00ed mismo, los usuarios del Sitio Web se obligan a hacer un uso diligente del mismo y de los contenidos inclu\u00eddos, de acuerdo con lo establecido en la legislaci\u00f3n vigente, as\u00ed como con buena fe y buenas costumbres, y sin contravenir la moral ni el orden p\u00fablico. Por tanto, entre otros, no est\u00e1 permitido el acceso o la utilizaci\u00f3n del Sitio Web con finalidades ilegales, por lo cual, a t\u00edtulo meramente enunciativo y no limitativo, queda prohibido:<\/p>\n<ul>\n<li>\n<ul>\n<li>Hacer uso del Sitio Web de forma que se puedan provocar da\u00f1os, interrupciones, ineficiencias o defectos en su funcionamiento;<\/li>\n<li>Hacer uso del Sitio Web para la transmisi\u00f3n, instalaci\u00f3n o publicaci\u00f3n de cualquier virus, c\u00f3digo malicioso o otros programas o archivos perjudiciales;<\/li>\n<li>Hacer uso del Sitio Web para recoger sin autorizaci\u00f3n datos de car\u00e1cter personal de otros usuarios;<\/li>\n<li>Acceder sin autorizaci\u00f3n a redes o sistemas de informaci\u00f3n conectados al Sitio Web, por medio de pirateo o falsificaci\u00f3n, extracci\u00f3n de contrase\u00f1as o cualquier otro medio ileg\u00edtimo;<\/li>\n<li>Romper, o intentar romper, las medidas de seguridad o de autenticaci\u00f3n del Sitio Web o de cualquier red o sistema de informaci\u00f3n conectados al mismo, o las medidas de seguridad o protecci\u00f3n inherentes a los contenidos del Sitio Web; o<\/li>\n<li>Llevar a cabo alguna acci\u00f3n que provoque una saturaci\u00f3n desproporcionada o innecesaria en la infraestructura del Sitio Web o las redes o los sistemes de la informaci\u00f3n conectados al Sitio Web.<\/li>\n<\/ul>\n<\/li>\n<\/ul>\n<hr \/>\n<p><strong>Reserva de la facultad de modificaci\u00f3n y actualizaci\u00f3n de los T\u00e9rminos y Condiciones del uso del Sitio Web<\/strong><\/p>\n<p>Estripagecs Mountain Events se reserva la facultad de efectuar, sin previo aviso, en cualquier momento y con efectos inmediatos, las modificaciones y actualizaciones peri\u00f3dicas que considere oportunas en los T\u00e9rminos y Condiciones. Por lo tanto, Estripagecs Mountain Events recomienda a los usuarios del Sitio Web que revisen los T\u00e9rminos y Condiciones peri\u00f3dicamente.<\/p>\n<hr \/>\n<p><strong>Derechos y posiciones jur\u00eddicas sobre los contenidos que integran el Sitio Web<\/strong><\/p>\n<p><strong>Definici\u00f3n del t\u00e9rmino &#8220;contenidos&#8221;: <\/strong>A efectos de los T\u00e9rminos y Condiciones, el t\u00e9rmino &#8220;contenidos&#8221; hace referencia a todos los contenidos que conforman el Sitio Web, entendi\u00e9ndose como tales, a t\u00edtulo meramente enunciativo y no limitativo, el c\u00f3digo fuente, el dise\u00f1o y la estructura de navegaci\u00f3n del Sitio Web, as\u00ed como los signos distintivos, los v\u00eddeos, las fotograf\u00edas, las ilustraciones, los gr\u00e1ficos, los mapas, los textos, datos y otras informaciones que se muestran.<\/p>\n<p><strong>Derechos y posiciones jur\u00eddicas sobre los contenidos: <\/strong>Los contenidos son objeto de derechos de propiedad intelectual, derechos de propiedad industrial, derechos de imagen y\/o otros derechos o posiciones jur\u00eddicas de an\u00e1logo contenido econ\u00f3mico de titularidad de Estripagecs Mountain Events o de terceros que le han otorgado las pertinentes licencias o autorizaciones. Por lo tanto, el acceso al Sitio Web no otorga a los usuarios ninguna titularidad ni derecho de uso sobre los contenidos (mediante, entre otros, su reproducci\u00f3n, distribuci\u00f3n, comunicaci\u00f3n p\u00fablica, puesta a disposici\u00f3n o transformaci\u00f3n), excepto que Estripagecs Mountain Events o los terceros titulares de los derechos o posiciones jur\u00eddicas de que se trate se lo autoricen bien indic\u00e1ndolo expresamente en el Sitio Web o mediante licencias o autorizaciones previas, y por escrito al efecto.<\/p>\n<p>Por lo tanto, Estripagecs Mountain Events se reserva la facultad de hacer uso de marcas de agua, de dispositivos tecnol\u00f3gicos o de otros medios de seguridad que permitan el rastreo o seguimiento en l\u00ednea de los usos no autorizados de los contenidos. Y, en cualquier caso, Estripagecs Mountain Events se reserva la facultad de interponer las acciones legales del orden civil o penal que correspondan contra los usuarios del Sitio Web que infrinjan derechos de propiedad intelectual, derechos de propiedad industrial, derechos de imagen u otros derechos o posiciones jur\u00eddicas de an\u00e1logo contenido econ\u00f3mico que recaigan sobre los contenidos.<\/p>\n<p>En caso de que cualquier usuario considere que alguno de los contenidos vulnera derechos o posiciones jur\u00eddicas de terceros, deber\u00e1 notificarlo inmediatamente a Estripagecs Mountain Events por los medios de contacto o reclamaci\u00f3n indicados en el apartado &#8220;Titularidad y finalidad del Sitio Web&#8221;, para que esta entidad pueda analizar y valorar el supuesto de que se trate.<\/p>\n<p><strong>Derecho de exclusi\u00f3n: <\/strong>Estripagecs Mountain Events se reserva la facultad de denegar o suspender, sin previo aviso y de forma discrecional, en cualquier momento y con car\u00e1cter definitivo o temporal, el acceso al Sitio Web a los usuarios que incumplan los T\u00e9rminos y Condiciones. Esta facultad de Estripagecs Mountain Events es sin prejuicio de las eventuales acciones legales del orden civil o penal que la misma pueda iniciar en contra de los usuarios de los que se trate.<\/p>\n<hr \/>\n<p><strong>Responsabilidad<\/strong><\/p>\n<p><strong>1.- Responsabilidad de los usuarios <\/strong><\/p>\n<ul>\n<li>Los usuarios ser\u00e1n los \u00fanicos responsables de tomar todas las medidas adecuadas para proteger los dispositivos y programas inform\u00e1ticos asociados mediante los cuales accedan al Sitio Web de, entre otros, virus, c\u00f3digos maliciosos u otros programas o archivos perjudiciales.<\/li>\n<li>Los usuarios ser\u00e1n los \u00fanicos responsables del uso que \u00e9stos hagan de los contenidos que se facilitan mediante el Sitio Web.<\/li>\n<li>En caso de que efect\u00faen consultas o reclamaciones a Estripagecs Mountain Events por los medios que se preveen en el apartado &#8220;Titularidad y finalidad del Sitio Web&#8221;, los usuarios responderan de los da\u00f1os y perjuicios que ocasionen a la entidad o a terceros por haber facilitado datos o informaciones falsas o inexactas.<\/li>\n<li>Los usuarios tambi\u00e9n ser\u00e1n responsables en todos aquellos otros supuestos en los que incumplan los T\u00e9rminos y Condiciones, como, a t\u00edtulo meramente enunciativo y no limitativo, en los supuestos indicados en el apartado &#8220;Aceptaci\u00f3n de los T\u00e9rminos y Condiciones de uso del Sitio Web&#8221;.<\/li>\n<\/ul>\n<p><strong>2.- Responsabilidad de Estripagecs Mountain Events<\/strong><\/p>\n<ul>\n<li>Estripagecs Mountain Events no ser\u00e1 responsable de los da\u00f1os y perjuicios ni de otras consecuencias que se deriven de la utilizaci\u00f3n que los usuarios hagan de este Sitio Web ni de los contenidos inclu\u00eddos.<\/li>\n<li>Estripagecs Mountain Events no es responsable de los da\u00f1os y perjuicios ni de otras consecuencias que se deriven de la indisponibilidad de este Sitio Web o de sus contenidos por motivos t\u00e9cnicos, de seguridad, de control, de actualizaciones o de mantenimiento, o por errores debidos a servidores o terceros intermediarios o proveedores, como deficiencias de l\u00edneas telef\u00f3nicas o sobrecargas en Internet.<\/li>\n<li>Estripagecs Mountain Events no es responsable de los da\u00f1os y perjuicios causados a los usuarios de este Sitio Web por parte de programas inform\u00e1ticos maliciosos, de acciones de ciberdelincuentes u otras intromisiones ileg\u00edtimas de terceros.<\/li>\n<li>Estripagecs Mountain Events no ejerce ning\u00fan control sobre los servicios, los contenidos y\/u otros elementos a los cuales los usuarios de este Sitio Web puedan acceder a trav\u00e9s de los dispositivos t\u00e9cnicos de enlaces, directorios u otros medios a los cuales se pueda acceder mediante este Sitio Web (como Facebook, Instagram, Twitter, LinkedIn, y similares). Por lo tanto, Estripagecs Mountain Events no es responsable de la disponibilidad t\u00e9cnica, la calidad o exactitud, entre otros, de los servicios, contenidos y\/u otros elementos a los cuales se haya accedido, ni de los da\u00f1os y perjuicios ni de otras consecuencias que se produzcan como resultado de su uso. En ning\u00fan caso, la existencia de los referidos accesos presupone la existencia de acuerdos con los titulares o responsables de los servicios, contenidos u otros elementos de que se trate, ni la recomendaci\u00f3n, promoci\u00f3n o identificaci\u00f3n de Estripagecs Mountain Events con \u00e9stos.<\/li>\n<li>Los Usuarios que decidan visitar y\/o utilizar cualquiera de los Enlaces de Terceros, lo har\u00e1n por su cuenta y riesgo, y deber\u00e1n tomar las medidas de protecci\u00f3n oportunas.<\/li>\n<li>Sin perjuicio de lo anterior, en caso de que cualquier usuario considere que mediante alguno de los dispositivos t\u00e9cnicos de enlaces o directorios u otros medios a los cuales se pueda acceder mediante este Sitio Web se vulneran derechos o posiciones jur\u00eddicas de terceros, deber\u00e1 notificarlo inmediatamente a Estripagecs Mountain Events por los medios de contacto o reclamaci\u00f3n indicados en el apartado &#8220;Titularidad y finalidad de este sitio web&#8221;, para que esta entidad pueda analizar y valorar el supuesto de que se trate.<\/li>\n<li>Estripagecs Mountain Events puede, temporal o dfinitivamente, interrupmir el acceso a este Sitio Web, en caso de que esta no pueda o simplemente no quiera seguir explotando este Sitio Web; en estos casos, el acceso de los usuarios se cancelar\u00e1 de forma inmediata sin que los usuarios puedan requerir responsabilidades a Estripagecs Mountain Events.<\/li>\n<li>As\u00ed mismo, Estripagecs Mountain Events se reserva el derecho, en cualquier momento y sin previo aviso a los usuarios, de modificar cualquier contenido de este Sitio Web, o de actualitzar o corregir errores o inexactitudes.<\/li>\n<li>Siempre y cuando no contradiga lo establecido por la legislaci\u00f3n vigente, en caso de que, eventualmente, Estripagecs Mountain Events fuera considerada responsable por da\u00f1os y perjuicios a usuarios de este Sitio Web, la responsabilidad de la entidad se limitar\u00e1 a los da\u00f1os y perjuicios ciertos, reales y concretos.<\/li>\n<li>No obstante lo anterior, Estripagecs Mountain Events no se responsabilizar\u00e1 en ning\u00fan caso de los da\u00f1os y perjuicios ni de otras consecuencias que se deriven del incumplimiento de los T\u00e9rminos y Condiciones por parte de los usuarios.<\/li>\n<\/ul>\n<hr \/>\n<p><strong>Autorizaci\u00f3n de enlaces<\/strong><\/p>\n<p>Cualquier enlace de terceros hacia este sitio web ir\u00e1 dirigido a su p\u00e1gina principal, quedando expresamente prohibidos los enlaces profundos, el entramado y cualquier otro aprovechamiento de los contenidos de este sitio web por parte de terceros no autorizados previamente por escrito por Estripagecs Mountain Events.<\/p>\n<p>As\u00ed mismo, Estripagecs Mountain Events prohibe la creaci\u00f3n de enlaces hacia este Sitio Web des de otros sitios web con contenidos que sean contrarios a la ley, la buena fe, las buenas costumbres, la moral o el orden p\u00fablico.<\/p>\n<hr \/>\n<p><strong>Legislaci\u00f3n aplicable y jurisdicci\u00f3n<\/strong><\/p>\n<p>Los T\u00e9rminos y Condiciones se regir\u00e1n por la legislaci\u00f3n andorrana.<\/p>\n<p>Los usuarios de este Sitio Web se someten a la jurisdicci\u00f3n andorrana, con renuncia expresa a cualquier otro fuero que, conforme a Derecho, les pudiera corresponder.<\/p>\n<p>Lo anterior es sin perjuicio de que, por raz\u00f3n de la condici\u00f3n de consumidor de un usuario, por imperativo legal pueda ser aplicable otra legislaci\u00f3n y\/o jurisdicci\u00f3n.<\/p>\n<p>&nbsp;<\/p>\n<p><strong><em>\u00daltima actualitzaci\u00f3n: 29 de diciembre de 2024<\/em><\/strong><\/p>\n\n","protected":false},"excerpt":{"rendered":"<p>Titularidad y finalidad del Sitio Web Usted ha accedido a un sitio web (en adelante, &#8220;el Sitio Web&#8221;) cuyo nombre de dominio (www.casamanyaextrem.com) es titularidad de la Sociedad Mercantil Estripagecs Mountain Events, SL, inscrita en el Registro de Sociedades del M.I. Gobierno de Andorra, con NRT L-719157-B, domiciliada en la Carretera del Coll d&#8217;Ordino 57 [&hellip;]<\/p>\n","protected":false},"author":1,"featured_media":0,"parent":0,"menu_order":0,"comment_status":"closed","ping_status":"closed","template":"","meta":{"site-sidebar-layout":"default","site-content-layout":"","ast-site-content-layout":"default","site-content-style":"default","site-sidebar-style":"default","ast-global-header-display":"","ast-banner-title-visibility":"","ast-main-header-display":"","ast-hfb-above-header-display":"","ast-hfb-below-header-display":"","ast-hfb-mobile-header-display":"","site-post-title":"","ast-breadcrumbs-content":"","ast-featured-img":"","footer-sml-layout":"","ast-disable-related-posts":"","theme-transparent-header-meta":"","adv-header-id-meta":"","stick-header-meta":"","header-above-stick-meta":"","header-main-stick-meta":"","header-below-stick-meta":"","astra-migrate-meta-layouts":"default","ast-page-background-enabled":"default","ast-page-background-meta":{"desktop":{"background-color":"","background-image":"","background-repeat":"repeat","background-position":"center center","background-size":"auto","background-attachment":"scroll","background-type":"","background-media":"","overlay-type":"","overlay-color":"","overlay-opacity":"","overlay-gradient":""},"tablet":{"background-color":"","background-image":"","background-repeat":"repeat","background-position":"center center","background-size":"auto","background-attachment":"scroll","background-type":"","background-media":"","overlay-type":"","overlay-color":"","overlay-opacity":"","overlay-gradient":""},"mobile":{"background-color":"","background-image":"","background-repeat":"repeat","background-position":"center center","background-size":"auto","background-attachment":"scroll","background-type":"","background-media":"","overlay-type":"","overlay-color":"","overlay-opacity":"","overlay-gradient":""}},"ast-content-background-meta":{"desktop":{"background-color":"var(--ast-global-color-5)","background-image":"","background-repeat":"repeat","background-position":"center center","background-size":"auto","background-attachment":"scroll","background-type":"","background-media":"","overlay-type":"","overlay-color":"","overlay-opacity":"","overlay-gradient":""},"tablet":{"background-color":"var(--ast-global-color-5)","background-image":"","background-repeat":"repeat","background-position":"center center","background-size":"auto","background-attachment":"scroll","background-type":"","background-media":"","overlay-type":"","overlay-color":"","overlay-opacity":"","overlay-gradient":""},"mobile":{"background-color":"var(--ast-global-color-5)","background-image":"","background-repeat":"repeat","background-position":"center center","background-size":"auto","background-attachment":"scroll","background-type":"","background-media":"","overlay-type":"","overlay-color":"","overlay-opacity":"","overlay-gradient":""}},"footnotes":""},"class_list":["post-2993","page","type-page","status-publish","hentry"],"lang":"es","translations":{"es":2993,"ca":2783,"en":4591,"fr":6915},"pll_sync_post":[],"_links":{"self":[{"href":"https:\/\/casamanyaextrem.com\/index.php?rest_route=\/wp\/v2\/pages\/2993","targetHints":{"allow":["GET"]}}],"collection":[{"href":"https:\/\/casamanyaextrem.com\/index.php?rest_route=\/wp\/v2\/pages"}],"about":[{"href":"https:\/\/casamanyaextrem.com\/index.php?rest_route=\/wp\/v2\/types\/page"}],"author":[{"embeddable":true,"href":"https:\/\/casamanyaextrem.com\/index.php?rest_route=\/wp\/v2\/users\/1"}],"replies":[{"embeddable":true,"href":"https:\/\/casamanyaextrem.com\/index.php?rest_route=%2Fwp%2Fv2%2Fcomments&post=2993"}],"version-history":[{"count":4,"href":"https:\/\/casamanyaextrem.com\/index.php?rest_route=\/wp\/v2\/pages\/2993\/revisions"}],"predecessor-version":[{"id":6926,"href":"https:\/\/casamanyaextrem.com\/index.php?rest_route=\/wp\/v2\/pages\/2993\/revisions\/6926"}],"wp:attachment":[{"href":"https:\/\/casamanyaextrem.com\/index.php?rest_route=%2Fwp%2Fv2%2Fmedia&parent=2993"}],"curies":[{"name":"wp","href":"https:\/\/api.w.org\/{rel}","templated":true}]}}