{"id":3337,"date":"2022-05-13T19:38:44","date_gmt":"2022-05-13T17:38:44","guid":{"rendered":"https:\/\/casamanyaextrem.com\/?page_id=3337"},"modified":"2024-03-02T22:17:22","modified_gmt":"2024-03-02T21:17:22","slug":"casamanya-extrem-no-limits-3","status":"publish","type":"page","link":"https:\/\/casamanyaextrem.com\/?page_id=3337&lang=es","title":{"rendered":"Casamanya Extrem No Limits"},"content":{"rendered":"\n\n\t<h2><strong>Casamanya START: Iniciaci\u00f3n a las carreras verticales<\/strong><\/h2>\n<p><a href=\"https:\/\/casamanyaextrem.com\/?attachment_id=5781\" rel=\"attachment wp-att-5781\"><img loading=\"lazy\" decoding=\"async\" src=\"https:\/\/casamanyaextrem.com\/wp-content\/uploads\/2024\/03\/casamanyastart-1.jpg\" alt=\"\" width=\"600\" height=\"758\" \/><\/a><\/p>\n<p>A todos aquellos valientes que a\u00fan no est\u00e1is en edad de competir (<a href=\"https:\/\/casamanyaextrem.com\/casamanya-extrem-categories\/\">u8 y u10<\/a>), pero os motiva la monta\u00f1a y las verticales, os ofrecemos esta actividad dirigida por los entrenadores de la <a href=\"https:\/\/www.facebook.com\/escolanolimitsclub\/\" target=\"_blank\" rel=\"noopener\">Escuela de Deportes de Monta\u00f1a de No Limits Club<\/a>, donde se explicar\u00e1n nociones b\u00e1sicas de t\u00e9cnica e interpretaci\u00f3n de marcado aprovechando el <a href=\"https:\/\/casamanyaextrem.com\/?page_id=1301\">circuito Casamanya Mini<\/a> el mismo d\u00eda de la carrera. Tambi\u00e9n tendr\u00e9is la oportunidad de ver en directo a los corredores de la competici\u00f3n y participar en el resto de <a href=\"https:\/\/casamanyaextrem.com\/casamanya-extrem-2022-programa\/\">actividades planificadas<\/a>. Esperamos que esto os anime a seguir entrenando y convertiros en grandes atletas de la monta\u00f1a.<\/p>\n<p><a href=\"https:\/\/www.facebook.com\/escolanolimitsclub\/\" target=\"_blank\" rel=\"noopener\"><img loading=\"lazy\" decoding=\"async\" src=\"http:\/\/casamanyaextrem.com\/wp-content\/uploads\/2022\/05\/Nolimitsescola-net-297x300.jpg\" alt=\"\" width=\"297\" height=\"300\" \/><\/a><\/p>\n\n","protected":false},"excerpt":{"rendered":"<p>Casamanya START: Iniciaci\u00f3n a las carreras verticales A todos aquellos valientes que a\u00fan no est\u00e1is en edad de competir (u8 y u10), pero os motiva la monta\u00f1a y las verticales, os ofrecemos esta actividad dirigida por los entrenadores de la Escuela de Deportes de Monta\u00f1a de No Limits Club, donde se explicar\u00e1n nociones b\u00e1sicas de [&hellip;]<\/p>\n","protected":false},"author":1,"featured_media":0,"parent":0,"menu_order":0,"comment_status":"closed","ping_status":"closed","template":"","meta":{"site-sidebar-layout":"default","site-content-layout":"","ast-site-content-layout":"default","site-content-style":"default","site-sidebar-style":"default","ast-global-header-display":"","ast-banner-title-visibility":"","ast-main-header-display":"","ast-hfb-above-header-display":"","ast-hfb-below-header-display":"","ast-hfb-mobile-header-display":"","site-post-title":"","ast-breadcrumbs-content":"","ast-featured-img":"","footer-sml-layout":"","ast-disable-related-posts":"","theme-transparent-header-meta":"","adv-header-id-meta":"","stick-header-meta":"","header-above-stick-meta":"","header-main-stick-meta":"","header-below-stick-meta":"","astra-migrate-meta-layouts":"default","ast-page-background-enabled":"default","ast-page-background-meta":{"desktop":{"background-color":"","background-image":"","background-repeat":"repeat","background-position":"center center","background-size":"auto","background-attachment":"scroll","background-type":"","background-media":"","overlay-type":"","overlay-color":"","overlay-opacity":"","overlay-gradient":""},"tablet":{"background-color":"","background-image":"","background-repeat":"repeat","background-position":"center center","background-size":"auto","background-attachment":"scroll","background-type":"","background-media":"","overlay-type":"","overlay-color":"","overlay-opacity":"","overlay-gradient":""},"mobile":{"background-color":"","background-image":"","background-repeat":"repeat","background-position":"center center","background-size":"auto","background-attachment":"scroll","background-type":"","background-media":"","overlay-type":"","overlay-color":"","overlay-opacity":"","overlay-gradient":""}},"ast-content-background-meta":{"desktop":{"background-color":"var(--ast-global-color-5)","background-image":"","background-repeat":"repeat","background-position":"center center","background-size":"auto","background-attachment":"scroll","background-type":"","background-media":"","overlay-type":"","overlay-color":"","overlay-opacity":"","overlay-gradient":""},"tablet":{"background-color":"var(--ast-global-color-5)","background-image":"","background-repeat":"repeat","background-position":"center center","background-size":"auto","background-attachment":"scroll","background-type":"","background-media":"","overlay-type":"","overlay-color":"","overlay-opacity":"","overlay-gradient":""},"mobile":{"background-color":"var(--ast-global-color-5)","background-image":"","background-repeat":"repeat","background-position":"center center","background-size":"auto","background-attachment":"scroll","background-type":"","background-media":"","overlay-type":"","overlay-color":"","overlay-opacity":"","overlay-gradient":""}},"footnotes":""},"class_list":["post-3337","page","type-page","status-publish","hentry"],"lang":"es","translations":{"es":3337,"ca":3334,"en":3344,"fr":5787},"pll_sync_post":[],"_links":{"self":[{"href":"https:\/\/casamanyaextrem.com\/index.php?rest_route=\/wp\/v2\/pages\/3337","targetHints":{"allow":["GET"]}}],"collection":[{"href":"https:\/\/casamanyaextrem.com\/index.php?rest_route=\/wp\/v2\/pages"}],"about":[{"href":"https:\/\/casamanyaextrem.com\/index.php?rest_route=\/wp\/v2\/types\/page"}],"author":[{"embeddable":true,"href":"https:\/\/casamanyaextrem.com\/index.php?rest_route=\/wp\/v2\/users\/1"}],"replies":[{"embeddable":true,"href":"https:\/\/casamanyaextrem.com\/index.php?rest_route=%2Fwp%2Fv2%2Fcomments&post=3337"}],"version-history":[{"count":5,"href":"https:\/\/casamanyaextrem.com\/index.php?rest_route=\/wp\/v2\/pages\/3337\/revisions"}],"predecessor-version":[{"id":5785,"href":"https:\/\/casamanyaextrem.com\/index.php?rest_route=\/wp\/v2\/pages\/3337\/revisions\/5785"}],"wp:attachment":[{"href":"https:\/\/casamanyaextrem.com\/index.php?rest_route=%2Fwp%2Fv2%2Fmedia&parent=3337"}],"curies":[{"name":"wp","href":"https:\/\/api.w.org\/{rel}","templated":true}]}}