{"id":3491,"date":"2022-05-17T09:59:08","date_gmt":"2022-05-17T07:59:08","guid":{"rendered":"https:\/\/casamanyaextrem.com\/?page_id=3491"},"modified":"2025-06-11T22:40:41","modified_gmt":"2025-06-11T20:40:41","slug":"casamanya-extrem-fotografias","status":"publish","type":"page","link":"https:\/\/casamanyaextrem.com\/?page_id=3491&lang=es","title":{"rendered":"Casamanya Extrem Fotograf\u00edas"},"content":{"rendered":"\n\n\t<h3><a href=\"https:\/\/mega.nz\/folder\/3pBCAQyI#vevcL-mr7keZ_zkfOpcRhA\" target=\"_blank\" rel=\"noopener\">Galer\u00eda Casamanya Extrem 2025<\/a><\/h3>\n\t\t\t<img decoding=\"async\" loading='false' src=\"https:\/\/casamanyaextrem.com\/wp-content\/uploads\/2025\/06\/IMG_9266-6-scaled.jpg\" alt=\"\" \/>\t\t\t\n\t\t\t<img decoding=\"async\" loading='false' src=\"https:\/\/casamanyaextrem.com\/wp-content\/uploads\/2025\/06\/3d06b132-cabd-439b-ac2c-d9570941bc3d.jpg\" alt=\"\" \/>\t\t\t\n\t\t\t<img decoding=\"async\" loading='false' src=\"https:\/\/casamanyaextrem.com\/wp-content\/uploads\/2025\/06\/IMG_20250607_072807-1-scaled.jpg\" alt=\"\" \/>\t\t\t\n\t<h3><a href=\"https:\/\/mega.nz\/folder\/yooTgZpZ#hyLWGcuR3kg4cpaeXcjXnw\" target=\"_blank\" rel=\"noopener\">Galer\u00eda Casamanya Extrem 2024<\/a><\/h3>\n<h3>Galer\u00eda Casamanya Extrem 2023<\/h3>\n<h3>Galer\u00eda Casamanya Extrem 2022<\/h3>\n<h3><strong>Archivo Hist\u00f3rico<\/strong><\/h3>\n\n","protected":false},"excerpt":{"rendered":"<p>Galer\u00eda Casamanya Extrem 2025 Galer\u00eda Casamanya Extrem 2024 Galer\u00eda Casamanya Extrem 2023 Galer\u00eda Casamanya Extrem 2022 Archivo Hist\u00f3rico<\/p>\n","protected":false},"author":1,"featured_media":0,"parent":0,"menu_order":0,"comment_status":"closed","ping_status":"closed","template":"","meta":{"site-sidebar-layout":"default","site-content-layout":"default","ast-site-content-layout":"default","site-content-style":"default","site-sidebar-style":"default","ast-global-header-display":"","ast-banner-title-visibility":"","ast-main-header-display":"","ast-hfb-above-header-display":"","ast-hfb-below-header-display":"","ast-hfb-mobile-header-display":"","site-post-title":"","ast-breadcrumbs-content":"","ast-featured-img":"","footer-sml-layout":"","ast-disable-related-posts":"","theme-transparent-header-meta":"default","adv-header-id-meta":"","stick-header-meta":"","header-above-stick-meta":"","header-main-stick-meta":"","header-below-stick-meta":"","astra-migrate-meta-layouts":"set","ast-page-background-enabled":"default","ast-page-background-meta":{"desktop":{"background-color":"","background-image":"","background-repeat":"repeat","background-position":"center center","background-size":"auto","background-attachment":"scroll","background-type":"","background-media":"","overlay-type":"","overlay-color":"","overlay-opacity":"","overlay-gradient":""},"tablet":{"background-color":"","background-image":"","background-repeat":"repeat","background-position":"center center","background-size":"auto","background-attachment":"scroll","background-type":"","background-media":"","overlay-type":"","overlay-color":"","overlay-opacity":"","overlay-gradient":""},"mobile":{"background-color":"","background-image":"","background-repeat":"repeat","background-position":"center center","background-size":"auto","background-attachment":"scroll","background-type":"","background-media":"","overlay-type":"","overlay-color":"","overlay-opacity":"","overlay-gradient":""}},"ast-content-background-meta":{"desktop":{"background-color":"var(--ast-global-color-5)","background-image":"","background-repeat":"repeat","background-position":"center center","background-size":"auto","background-attachment":"scroll","background-type":"","background-media":"","overlay-type":"","overlay-color":"","overlay-opacity":"","overlay-gradient":""},"tablet":{"background-color":"var(--ast-global-color-5)","background-image":"","background-repeat":"repeat","background-position":"center center","background-size":"auto","background-attachment":"scroll","background-type":"","background-media":"","overlay-type":"","overlay-color":"","overlay-opacity":"","overlay-gradient":""},"mobile":{"background-color":"var(--ast-global-color-5)","background-image":"","background-repeat":"repeat","background-position":"center center","background-size":"auto","background-attachment":"scroll","background-type":"","background-media":"","overlay-type":"","overlay-color":"","overlay-opacity":"","overlay-gradient":""}},"footnotes":""},"class_list":["post-3491","page","type-page","status-publish","hentry"],"lang":"es","translations":{"ca":1289,"es":3491,"en":3496,"fr":4766},"pll_sync_post":[],"_links":{"self":[{"href":"https:\/\/casamanyaextrem.com\/index.php?rest_route=\/wp\/v2\/pages\/3491","targetHints":{"allow":["GET"]}}],"collection":[{"href":"https:\/\/casamanyaextrem.com\/index.php?rest_route=\/wp\/v2\/pages"}],"about":[{"href":"https:\/\/casamanyaextrem.com\/index.php?rest_route=\/wp\/v2\/types\/page"}],"author":[{"embeddable":true,"href":"https:\/\/casamanyaextrem.com\/index.php?rest_route=\/wp\/v2\/users\/1"}],"replies":[{"embeddable":true,"href":"https:\/\/casamanyaextrem.com\/index.php?rest_route=%2Fwp%2Fv2%2Fcomments&post=3491"}],"version-history":[{"count":7,"href":"https:\/\/casamanyaextrem.com\/index.php?rest_route=\/wp\/v2\/pages\/3491\/revisions"}],"predecessor-version":[{"id":7809,"href":"https:\/\/casamanyaextrem.com\/index.php?rest_route=\/wp\/v2\/pages\/3491\/revisions\/7809"}],"wp:attachment":[{"href":"https:\/\/casamanyaextrem.com\/index.php?rest_route=%2Fwp%2Fv2%2Fmedia&parent=3491"}],"curies":[{"name":"wp","href":"https:\/\/api.w.org\/{rel}","templated":true}]}}