{"id":4464,"date":"2023-04-20T16:42:56","date_gmt":"2023-04-20T14:42:56","guid":{"rendered":"https:\/\/casamanyaextrem.com\/?page_id=4464"},"modified":"2026-03-13T06:41:14","modified_gmt":"2026-03-13T05:41:14","slug":"casamanya-extrem-2023-planning","status":"publish","type":"page","link":"https:\/\/casamanyaextrem.com\/?page_id=4464&lang=fr","title":{"rendered":"Casamanya Extrem Planning"},"content":{"rendered":"\n\n\t<p>&nbsp;<\/p>\n<hr \/>\n<p><strong>Dates importantes :<\/strong><\/p>\n<ul>\n<li>15-3-2026 &#8211; <a href=\"https:\/\/casamanyaextrem.com\/?page_id=4679\" rel=\"noopener\">Inscriptions ANTICIP\u00c9ES<\/a><\/li>\n<li>15-4-2026 &#8211; <a href=\"https:\/\/casamanyaextrem.com\/?page_id=4679\" rel=\"noopener\">Inscriptions R\u00c9GULI\u00c8RES<\/a><\/li>\n<li>15-5-2026 &#8211; <a href=\"https:\/\/casamanyaextrem.com\/?page_id=4679\" rel=\"noopener\">Inscriptions FINALES<\/a><\/li>\n<li>3-6-2026 &#8211; Cl\u00f4ture des inscriptions<\/li>\n<li>5-6-2026 &#8211; Retrait des dossards<\/li>\n<li><strong>6-6-2026 &#8211; Courses<\/strong><\/li>\n<\/ul>\n<hr \/>\n<p><strong>Parking des participants 5 et 6 juin<\/strong><\/p>\n<p>Route du Coll d&#8217;Ordino<\/p>\n<p><a href=\"https:\/\/casamanyaextrem.com\/?attachment_id=7702\" rel=\"attachment wp-att-7702\"><img loading=\"lazy\" decoding=\"async\" src=\"https:\/\/casamanyaextrem.com\/wp-content\/uploads\/2025\/06\/ParkingCasamanya-1.png\" alt=\"\" width=\"605\" height=\"703\" \/><\/a><\/p>\n<p><strong>Retrait des dossards 5 juin :<\/strong><\/p>\n<p><a href=\"https:\/\/maps.app.goo.gl\/V7NRBW3cf5FQgfw17\" target=\"_blank\" rel=\"noopener\"><strong>Casa de la Muntanya (ORDINO)<\/strong><\/a><\/p>\n<ul>\n<li>18:00 &#8211; 20:30 &#8211; Remise des dossards et sac du coureur<\/li>\n<\/ul>\n<p><strong>Programme du 6 juin :<\/strong><\/p>\n<p><a href=\"https:\/\/goo.gl\/maps\/zarD8yuLW5S8uu689\" target=\"_blank\" rel=\"noopener\"><strong>Pla\u00e7a Major, Ordino<\/strong><\/a><\/p>\n<ul>\n<li>07:30 &#8211; 08:30 &#8211; Distribution des derniers dossards<\/li>\n<li>08:30 &#8211; 09:00 &#8211; Contr\u00f4le d&#8217;acc\u00e8s au d\u00e9part<\/li>\n<li>09:00 &#8211; D\u00e9part <a href=\"https:\/\/casamanyaextrem.com\/?page_id=6010&amp;lang=es\">Casamanya EXTREM<\/a><\/li>\n<\/ul>\n<p><em>NOTES :<\/em><\/p>\n<ul>\n<li>\n<ul>\n<li><em>Un contr\u00f4le strict des licences f\u00e9d\u00e9ratives et des assurances journali\u00e8res sera effectu\u00e9<\/em><\/li>\n<li><em>Un contr\u00f4le du mat\u00e9riel obligatoire sera effectu\u00e9 (coupe-vent)<\/em><\/li>\n<li><em>Les objets personnels pourront \u00eatre d\u00e9pos\u00e9s aupr\u00e8s de l&#8217;organisation et r\u00e9cup\u00e9r\u00e9s au Coll d&#8217;Ordino \u00e0 la fin de la course<\/em><\/li>\n<\/ul>\n<\/li>\n<\/ul>\n<p><a href=\"https:\/\/goo.gl\/maps\/rPb6edfD9aWwv4fm7\" target=\"_blank\" rel=\"noopener\"><strong>Coll d&#8217;Ordino<\/strong><\/a><\/p>\n<ul>\n<li>10:00 &#8211; D\u00e9part <a href=\"https:\/\/casamanyaextrem.com\/?page_id=5987&amp;lang=es\">Casamanya CLASSIC<\/a><\/li>\n<li>10:00 &#8211; D\u00e9part <a href=\"https:\/\/casamanyaextrem.com\/?page_id=6004\">Casamanya TEAMS<\/a><\/li>\n<li>10:00 &#8211; D\u00e9part <a href=\"https:\/\/casamanyaextrem.com\/?page_id=2892&amp;lang=es\">Casamanya MINI<\/a><\/li>\n<\/ul>\n<p><em>NOTE : Les objets personnels pourront \u00eatre d\u00e9pos\u00e9s dans une zone pr\u00e9vue \u00e0 cet effet<\/em><\/p>\n<p><strong>Andorra Congress Center d&#8217;<a href=\"https:\/\/goo.gl\/maps\/4bkxDggLp3GWmKoy9\" target=\"_blank\" rel=\"noopener\">Ordino (ACCO)<\/a><\/strong><\/p>\n<ul>\n<li>13:00 &#8211; Ouverture <a href=\"https:\/\/casamanyaextrem.com\/?page_id=4874&amp;lang=es\">Buffet repas<\/a><\/li>\n<li>14:00 &#8211; Remise des prix Casamanya<\/li>\n<li>14:30 &#8211; Remise des prix Coupe d&#8217;Andorre de Courses de Montagne 2025<\/li>\n<\/ul>\n<hr \/>\n<p><em>NOTE : Programme mis \u00e0 jour le 13-3-2025. L&#8217;organisation se r\u00e9serve le droit de le modifier pour des raisons sanitaires, m\u00e9t\u00e9orologiques ou autres causes de force majeure et s&#8217;engage \u00e0 en informer tous les participants et collaborateurs.<\/em><\/p>\n\n","protected":false},"excerpt":{"rendered":"<p>&nbsp; Dates importantes : 15-3-2026 &#8211; Inscriptions ANTICIP\u00c9ES 15-4-2026 &#8211; Inscriptions R\u00c9GULI\u00c8RES 15-5-2026 &#8211; Inscriptions FINALES 3-6-2026 &#8211; Cl\u00f4ture des inscriptions 5-6-2026 &#8211; Retrait des dossards 6-6-2026 &#8211; Courses Parking des participants 5 et 6 juin Route du Coll d&#8217;Ordino Retrait des dossards 5 juin : Casa de la Muntanya (ORDINO) 18:00 &#8211; 20:30 &#8211; [&hellip;]<\/p>\n","protected":false},"author":1,"featured_media":0,"parent":0,"menu_order":0,"comment_status":"closed","ping_status":"closed","template":"","meta":{"site-sidebar-layout":"default","site-content-layout":"default","ast-site-content-layout":"default","site-content-style":"default","site-sidebar-style":"default","ast-global-header-display":"","ast-banner-title-visibility":"","ast-main-header-display":"","ast-hfb-above-header-display":"","ast-hfb-below-header-display":"","ast-hfb-mobile-header-display":"","site-post-title":"","ast-breadcrumbs-content":"","ast-featured-img":"","footer-sml-layout":"","ast-disable-related-posts":"","theme-transparent-header-meta":"default","adv-header-id-meta":"","stick-header-meta":"","header-above-stick-meta":"","header-main-stick-meta":"","header-below-stick-meta":"","astra-migrate-meta-layouts":"default","ast-page-background-enabled":"default","ast-page-background-meta":{"desktop":{"background-color":"","background-image":"","background-repeat":"repeat","background-position":"center center","background-size":"auto","background-attachment":"scroll","background-type":"","background-media":"","overlay-type":"","overlay-color":"","overlay-opacity":"","overlay-gradient":""},"tablet":{"background-color":"","background-image":"","background-repeat":"repeat","background-position":"center center","background-size":"auto","background-attachment":"scroll","background-type":"","background-media":"","overlay-type":"","overlay-color":"","overlay-opacity":"","overlay-gradient":""},"mobile":{"background-color":"","background-image":"","background-repeat":"repeat","background-position":"center center","background-size":"auto","background-attachment":"scroll","background-type":"","background-media":"","overlay-type":"","overlay-color":"","overlay-opacity":"","overlay-gradient":""}},"ast-content-background-meta":{"desktop":{"background-color":"var(--ast-global-color-5)","background-image":"","background-repeat":"repeat","background-position":"center center","background-size":"auto","background-attachment":"scroll","background-type":"","background-media":"","overlay-type":"","overlay-color":"","overlay-opacity":"","overlay-gradient":""},"tablet":{"background-color":"var(--ast-global-color-5)","background-image":"","background-repeat":"repeat","background-position":"center center","background-size":"auto","background-attachment":"scroll","background-type":"","background-media":"","overlay-type":"","overlay-color":"","overlay-opacity":"","overlay-gradient":""},"mobile":{"background-color":"var(--ast-global-color-5)","background-image":"","background-repeat":"repeat","background-position":"center center","background-size":"auto","background-attachment":"scroll","background-type":"","background-media":"","overlay-type":"","overlay-color":"","overlay-opacity":"","overlay-gradient":""}},"footnotes":""},"class_list":["post-4464","page","type-page","status-publish","hentry"],"lang":"fr","translations":{"ca":4428,"es":4439,"en":4457,"fr":4464},"pll_sync_post":[],"_links":{"self":[{"href":"https:\/\/casamanyaextrem.com\/index.php?rest_route=\/wp\/v2\/pages\/4464","targetHints":{"allow":["GET"]}}],"collection":[{"href":"https:\/\/casamanyaextrem.com\/index.php?rest_route=\/wp\/v2\/pages"}],"about":[{"href":"https:\/\/casamanyaextrem.com\/index.php?rest_route=\/wp\/v2\/types\/page"}],"author":[{"embeddable":true,"href":"https:\/\/casamanyaextrem.com\/index.php?rest_route=\/wp\/v2\/users\/1"}],"replies":[{"embeddable":true,"href":"https:\/\/casamanyaextrem.com\/index.php?rest_route=%2Fwp%2Fv2%2Fcomments&post=4464"}],"version-history":[{"count":11,"href":"https:\/\/casamanyaextrem.com\/index.php?rest_route=\/wp\/v2\/pages\/4464\/revisions"}],"predecessor-version":[{"id":8019,"href":"https:\/\/casamanyaextrem.com\/index.php?rest_route=\/wp\/v2\/pages\/4464\/revisions\/8019"}],"wp:attachment":[{"href":"https:\/\/casamanyaextrem.com\/index.php?rest_route=%2Fwp%2Fv2%2Fmedia&parent=4464"}],"curies":[{"name":"wp","href":"https:\/\/api.w.org\/{rel}","templated":true}]}}