{"id":4930,"date":"2023-05-10T20:51:08","date_gmt":"2023-05-10T18:51:08","guid":{"rendered":"https:\/\/casamanyaextrem.com\/?page_id=4930"},"modified":"2024-05-22T11:10:29","modified_gmt":"2024-05-22T09:10:29","slug":"casamanya-extrem-solidaria-2","status":"publish","type":"page","link":"https:\/\/casamanyaextrem.com\/?page_id=4930","title":{"rendered":"Casamanya Extrem Solid\u00e0ria"},"content":{"rendered":"\n\n\t<a href=\"https:\/\/mount4him.org\/ca\/llar-dinfants-kailash-home\/\" target=\"_blank\" rel=\"attachment noopener wp-att-5826\"><img loading=\"lazy\" decoding=\"async\" src=\"https:\/\/casamanyaextrem.com\/wp-content\/uploads\/2024\/03\/kailashv3-1.jpg\" alt=\"\" width=\"819\" height=\"474\" \/><\/a><br \/>\nLa <a href=\"https:\/\/casamanyaextrem.com\/\">Casamanya Extrem Vertical Race<\/a> impulsa la recaptaci\u00f3 de donacions per la <a href=\"https:\/\/www.mount4him.org\/\" target=\"_blank\" rel=\"noopener\">Fundaci\u00f3 Kailash Home<\/a> i la divulgaci\u00f3 del seu projecte.\n<p>Hem posat en marxa un sistema de microdonatius que els participants poden fer en el moment de la seva <a href=\"https:\/\/casamanyaextrem.com\/?page_id=4679\">inscripci\u00f3 a la cursa<\/a>.<\/p>\n<p>La Fundaci\u00f3 Kailash Home \u00e9s una fundaci\u00f3 privada sense connotaci\u00f3 religiosa o pol\u00edtica i sense \u00e0nim de lucre formada per muntanyencs solidaris amb els nens de l&#8217;Him\u00e0laia. Creiem que l&#8217;educaci\u00f3 b\u00e0sica \u00e9s la millor garantia per generar el progr\u00e9s econ\u00f2mic, social, cultural i pol\u00edtic d&#8217;aquesta zona. Aix\u00ed, la nostra missi\u00f3 \u00e9s garantir l&#8217;acc\u00e9s a l&#8217;educaci\u00f3 als infants m\u00e9s necessitats de l&#8217;Him\u00e0laia.<\/p>\n<p>Els nostres fons es destinen a finan\u00e7ar el Kailash Home, llar amb prop de 100 infants d&#8217;entre sis i disset anys, situat als afores de Katmand\u00fa.<\/p>\n<p>Els nostres nens i nenes s\u00f3n seleccionats en funci\u00f3 de la necessitat i de l&#8217;acc\u00e9s a oportunitats educatives als seus pobles, la majoria provinents de regions remotes de pobles de muntanya de l&#8217;Him\u00e0laia.<\/p>\n<p>En arribar a Kailash Home, aquests infants troben una nova fam\u00edlia on poden recrear la llar que han deixat o que potser mai han tingut. Tots els nens del Kailash Home reben educaci\u00f3 tradicional i cultural, aix\u00ed com una nutrici\u00f3 i atenci\u00f3 sanit\u00e0ria adequades, i oportunitats de participar en activitats i sortides extraescolars. Cada infant est\u00e0 apadrinat individualment per un padr\u00ed que forma un vincle personal i continu amb l&#8217;infant fins i tot despr\u00e9s que els nens hagin deixat el Kailash. Els nostres graduats accedeixen amb \u00e8xit a escoles de comer\u00e7, universitats i a una infinitat de carreres professionals. Amb m\u00e9s de 20 anys treballant al Nepal, la Fundaci\u00f3 Kailash Home, juntament amb els nostres socis internacionals, hem at\u00e8s i educat m\u00e9s de 200 infants.<\/p>\n<p><a href=\"https:\/\/casamanyaextrem.com\/casamanya-extrem-2023-inscripcio-2\/\"><strong>INSCRIU-TE I FES EL TEU DONATIU<\/strong><\/a><\/p>\nAl final de la teva inscripci\u00f3, just abans de pagar, podr\u00e0s fer la teva aportaci\u00f3.<br \/>\nPer m\u00ednim que sembli, tot ajut ser\u00e0 ben rebut.\n<h2><strong>GR\u00c0CIES<\/strong><\/h2>\n<p>&nbsp;<\/p>\n\t\t\t<img decoding=\"async\" loading='false' src=\"https:\/\/casamanyaextrem.com\/wp-content\/uploads\/2024\/05\/SMBL1583-scaled.jpg\" alt=\"\" \/>\t\t\t\n\t\t\t<img decoding=\"async\" loading='false' src=\"https:\/\/casamanyaextrem.com\/wp-content\/uploads\/2024\/05\/SMBL1583-scaled.jpg\" alt=\"\" \/>\t\t\t\n\t\t\t<img decoding=\"async\" loading='false' src=\"https:\/\/casamanyaextrem.com\/wp-content\/uploads\/2024\/05\/SMBL1514-scaled.jpg\" alt=\"\" \/>\t\t\t\n\t\t\t<img decoding=\"async\" loading='false' src=\"https:\/\/casamanyaextrem.com\/wp-content\/uploads\/2024\/05\/SIM_0158.jpg\" alt=\"\" \/>\t\t\t\n\t\t\t<img decoding=\"async\" loading='false' src=\"https:\/\/casamanyaextrem.com\/wp-content\/uploads\/2024\/05\/IMG_9736.1copy.jpg\" alt=\"\" \/>\t\t\t\n\t\t\t<img decoding=\"async\" loading='false' src=\"https:\/\/casamanyaextrem.com\/wp-content\/uploads\/2024\/05\/TseringFurba-2714.jpg\" alt=\"\" \/>\t\t\t\n\t\t\t<img decoding=\"async\" loading='false' src=\"https:\/\/casamanyaextrem.com\/wp-content\/uploads\/2024\/05\/SMBL2565.jpg\" alt=\"\" \/>\t\t\t\n\t\t\t<img decoding=\"async\" loading='false' src=\"https:\/\/casamanyaextrem.com\/wp-content\/uploads\/2024\/05\/kailash-school.jpg\" alt=\"\" \/>\t\t\t\n\t\t\t<img decoding=\"async\" loading='false' src=\"https:\/\/casamanyaextrem.com\/wp-content\/uploads\/2024\/05\/SMBL1699.jpg\" alt=\"\" \/>\t\t\t\n\t\t\t<img decoding=\"async\" loading='false' src=\"https:\/\/casamanyaextrem.com\/wp-content\/uploads\/2024\/05\/SMBL3110.jpg\" alt=\"\" \/>\t\t\t\n\t\t\t<img decoding=\"async\" loading='false' src=\"https:\/\/casamanyaextrem.com\/wp-content\/uploads\/2024\/05\/SMBL3464.jpg\" alt=\"\" \/>\t\t\t\n\t\t\t<img decoding=\"async\" loading='false' src=\"https:\/\/casamanyaextrem.com\/wp-content\/uploads\/2024\/05\/SMBL3464.jpg\" alt=\"\" \/>\t\t\t\n\t\t\t<img decoding=\"async\" loading='false' src=\"https:\/\/casamanyaextrem.com\/wp-content\/uploads\/2024\/05\/Profile2copy.jpg\" alt=\"\" \/>\t\t\t\n\t\t\t<img decoding=\"async\" loading='false' src=\"https:\/\/casamanyaextrem.com\/wp-content\/uploads\/2024\/05\/2023-09-22_0001.jpg\" alt=\"\" \/>\t\t\t\n\t\t\t<img decoding=\"async\" loading='false' src=\"https:\/\/casamanyaextrem.com\/wp-content\/uploads\/2024\/05\/SIM_0295-3.jpg\" alt=\"\" \/>\t\t\t\n\t<h2><a href=\"https:\/\/mount4him.org\/ca\/llar-dinfants-kailash-home\/\" target=\"_blank\" rel=\"attachment noopener wp-att-5821\"><img loading=\"lazy\" decoding=\"async\" src=\"https:\/\/casamanyaextrem.com\/wp-content\/uploads\/2024\/03\/kailashhomenou-ajustat.jpg\" alt=\"\" width=\"262\" height=\"172\" \/><\/a><\/h2>\n\n","protected":false},"excerpt":{"rendered":"<p>La Casamanya Extrem Vertical Race impulsa la recaptaci\u00f3 de donacions per la Fundaci\u00f3 Kailash Home i la divulgaci\u00f3 del seu projecte. Hem posat en marxa un sistema de microdonatius que els participants poden fer en el moment de la seva inscripci\u00f3 a la cursa. La Fundaci\u00f3 Kailash Home \u00e9s una fundaci\u00f3 privada sense connotaci\u00f3 religiosa [&hellip;]<\/p>\n","protected":false},"author":1,"featured_media":0,"parent":0,"menu_order":0,"comment_status":"closed","ping_status":"closed","template":"","meta":{"site-sidebar-layout":"default","site-content-layout":"","ast-site-content-layout":"default","site-content-style":"default","site-sidebar-style":"default","ast-global-header-display":"","ast-banner-title-visibility":"","ast-main-header-display":"","ast-hfb-above-header-display":"","ast-hfb-below-header-display":"","ast-hfb-mobile-header-display":"","site-post-title":"","ast-breadcrumbs-content":"","ast-featured-img":"","footer-sml-layout":"","ast-disable-related-posts":"","theme-transparent-header-meta":"","adv-header-id-meta":"","stick-header-meta":"","header-above-stick-meta":"","header-main-stick-meta":"","header-below-stick-meta":"","astra-migrate-meta-layouts":"set","ast-page-background-enabled":"default","ast-page-background-meta":{"desktop":{"background-color":"","background-image":"","background-repeat":"repeat","background-position":"center center","background-size":"auto","background-attachment":"scroll","background-type":"","background-media":"","overlay-type":"","overlay-color":"","overlay-opacity":"","overlay-gradient":""},"tablet":{"background-color":"","background-image":"","background-repeat":"repeat","background-position":"center center","background-size":"auto","background-attachment":"scroll","background-type":"","background-media":"","overlay-type":"","overlay-color":"","overlay-opacity":"","overlay-gradient":""},"mobile":{"background-color":"","background-image":"","background-repeat":"repeat","background-position":"center center","background-size":"auto","background-attachment":"scroll","background-type":"","background-media":"","overlay-type":"","overlay-color":"","overlay-opacity":"","overlay-gradient":""}},"ast-content-background-meta":{"desktop":{"background-color":"var(--ast-global-color-5)","background-image":"","background-repeat":"repeat","background-position":"center center","background-size":"auto","background-attachment":"scroll","background-type":"","background-media":"","overlay-type":"","overlay-color":"","overlay-opacity":"","overlay-gradient":""},"tablet":{"background-color":"var(--ast-global-color-5)","background-image":"","background-repeat":"repeat","background-position":"center center","background-size":"auto","background-attachment":"scroll","background-type":"","background-media":"","overlay-type":"","overlay-color":"","overlay-opacity":"","overlay-gradient":""},"mobile":{"background-color":"var(--ast-global-color-5)","background-image":"","background-repeat":"repeat","background-position":"center center","background-size":"auto","background-attachment":"scroll","background-type":"","background-media":"","overlay-type":"","overlay-color":"","overlay-opacity":"","overlay-gradient":""}},"footnotes":""},"class_list":["post-4930","page","type-page","status-publish","hentry"],"lang":"ca","translations":{"es":4956,"ca":4930,"fr":4960,"en":4963},"pll_sync_post":[],"_links":{"self":[{"href":"https:\/\/casamanyaextrem.com\/index.php?rest_route=\/wp\/v2\/pages\/4930","targetHints":{"allow":["GET"]}}],"collection":[{"href":"https:\/\/casamanyaextrem.com\/index.php?rest_route=\/wp\/v2\/pages"}],"about":[{"href":"https:\/\/casamanyaextrem.com\/index.php?rest_route=\/wp\/v2\/types\/page"}],"author":[{"embeddable":true,"href":"https:\/\/casamanyaextrem.com\/index.php?rest_route=\/wp\/v2\/users\/1"}],"replies":[{"embeddable":true,"href":"https:\/\/casamanyaextrem.com\/index.php?rest_route=%2Fwp%2Fv2%2Fcomments&post=4930"}],"version-history":[{"count":21,"href":"https:\/\/casamanyaextrem.com\/index.php?rest_route=\/wp\/v2\/pages\/4930\/revisions"}],"predecessor-version":[{"id":6435,"href":"https:\/\/casamanyaextrem.com\/index.php?rest_route=\/wp\/v2\/pages\/4930\/revisions\/6435"}],"wp:attachment":[{"href":"https:\/\/casamanyaextrem.com\/index.php?rest_route=%2Fwp%2Fv2%2Fmedia&parent=4930"}],"curies":[{"name":"wp","href":"https:\/\/api.w.org\/{rel}","templated":true}]}}