{"id":4956,"date":"2023-05-11T15:09:06","date_gmt":"2023-05-11T13:09:06","guid":{"rendered":"https:\/\/casamanyaextrem.com\/?page_id=4956"},"modified":"2024-05-22T11:26:41","modified_gmt":"2024-05-22T09:26:41","slug":"casamanya-extrem-solidaria","status":"publish","type":"page","link":"https:\/\/casamanyaextrem.com\/?page_id=4956&lang=es","title":{"rendered":"Casamanya Extrem Solidaria"},"content":{"rendered":"\n\n\t<a href=\"https:\/\/casamanyaextrem.com\/?attachment_id=5826\" rel=\"attachment wp-att-5826\"><img loading=\"lazy\" decoding=\"async\" src=\"https:\/\/casamanyaextrem.com\/wp-content\/uploads\/2024\/03\/kailashv3-1.jpg\" alt=\"\" width=\"819\" height=\"474\" \/><\/a><br \/>\nLa <a href=\"https:\/\/casamanyaextrem.com\/\">Carrera Vertical Casamanya Extrem<\/a> impulsa la recaudaci\u00f3n de donaciones para la <a href=\"https:\/\/www.mount4him.org\/\" target=\"_blank\" rel=\"noopener\">Fundaci\u00f3n Kailash Home<\/a> y la divulgaci\u00f3n de su proyecto.\n<p>Hemos puesto en marcha un sistema de microdonativos que los participantes puoden hacer en el momento de su <a href=\"https:\/\/casamanyaextrem.com\/?page_id=4534&amp;lang=es\">inscripci\u00f3n en la carrera<\/a>.<\/p>\n<p>La <a href=\"https:\/\/www.mount4him.org\/\" target=\"_blank\" rel=\"noopener\">Fundaci\u00f3n Kailash Home<\/a> es una fundaci\u00f3n privada sin connotaci\u00f3n religiosa o pol\u00edtica y sin \u00e1nimo de lucro formada por monta\u00f1eros solidaries con los ni\u00f1os del Himalaya. Creemos que la educaci\u00f3n b\u00e1sica es la mejor garant\u00eda para generar el progreso econ\u00f3mico, social, cultural y pol\u00edtico de esta zona. As\u00ed, nuestra misi\u00f3n es garantizar el acceso a la educaci\u00f3n de los ni\u00f1os m\u00e1s necesitados del Himalaya.<\/p>\n<p>Nuestros fondos se destinan a financiar el Kailash Home, hogar con cerca de 100 ni\u00f1os entre 6 y 17 a\u00f1os, situado a las afueras de Katmand\u00fa.<\/p>\n<p>Nuestros ni\u00f1os son seleccionados en funci\u00f3n de la necesidad y del acceso a oportunidades educatives en sus pueblos, la mayor\u00eda provenientes de regiones remotas de pueblos de monta\u00f1a del Himalaya.<\/p>\n<p>Al llegar al Kailash Home, estos ni\u00f1os encuentran una nueva familia donde pueden recrear el hogar que han dejado o que a lo mejor nunca han tenido. Todos los ni\u00f1os del Kailash Home reciben educaci\u00f3n tradicional y cultural, as\u00ed como una nutrici\u00f3n y atenci\u00f3n sanitaria adecuadas, y oportunidades de participar en actividades y salidas extraescolares. Cada ni\u00f1o est\u00e1 apadrinado individualmente por un padrino que forma un v\u00ednculo personal y continuo con el ni\u00f1o incluso hasta despu\u00e9s que los ni\u00f1os hayan dejado el Kailash. Nuestros graduados acceden con \u00e9xito a escuelas de comercio, universidades y una infinidad de carreras profesionales. Con m\u00e1s de 20 a\u00f1os trabajando en Nepal, la Fundaci\u00f3n Kailash Home, juntamente con nuestros socios Internacionales, hemos atendido y educado a m\u00e1s de 200 ni\u00f1os.<\/p>\n<p><a href=\"https:\/\/casamanyaextrem.com\/?page_id=4534&amp;lang=es\"><strong>INSCR\u00cdBETE Y HAZ TU DONATIVO<\/strong><\/a><\/p>\nAl final de tu inscripci\u00f3n, justo antes de pagar, podr\u00e1s hacer tu aportaci\u00f3n.<br \/>\nPor m\u00ednimo que parezca, toda ayuda ser\u00e1 bien recibida.\n<h2><strong>GRACIAS<\/strong><\/h2>\n\t<h2><a href=\"https:\/\/mount4him.org\/ca\/llar-dinfants-kailash-home\/\" target=\"_blank\" rel=\"attachment noopener wp-att-5821\"><img loading=\"lazy\" decoding=\"async\" src=\"https:\/\/casamanyaextrem.com\/wp-content\/uploads\/2024\/03\/kailashhomenou-ajustat.jpg\" alt=\"\" width=\"262\" height=\"172\" \/><\/a><\/h2>\n\n","protected":false},"excerpt":{"rendered":"<p>La Carrera Vertical Casamanya Extrem impulsa la recaudaci\u00f3n de donaciones para la Fundaci\u00f3n Kailash Home y la divulgaci\u00f3n de su proyecto. Hemos puesto en marcha un sistema de microdonativos que los participantes puoden hacer en el momento de su inscripci\u00f3n en la carrera. La Fundaci\u00f3n Kailash Home es una fundaci\u00f3n privada sin connotaci\u00f3n religiosa o [&hellip;]<\/p>\n","protected":false},"author":1,"featured_media":0,"parent":0,"menu_order":0,"comment_status":"closed","ping_status":"closed","template":"","meta":{"site-sidebar-layout":"default","site-content-layout":"","ast-site-content-layout":"default","site-content-style":"default","site-sidebar-style":"default","ast-global-header-display":"","ast-banner-title-visibility":"","ast-main-header-display":"","ast-hfb-above-header-display":"","ast-hfb-below-header-display":"","ast-hfb-mobile-header-display":"","site-post-title":"","ast-breadcrumbs-content":"","ast-featured-img":"","footer-sml-layout":"","ast-disable-related-posts":"","theme-transparent-header-meta":"","adv-header-id-meta":"","stick-header-meta":"","header-above-stick-meta":"","header-main-stick-meta":"","header-below-stick-meta":"","astra-migrate-meta-layouts":"default","ast-page-background-enabled":"default","ast-page-background-meta":{"desktop":{"background-color":"","background-image":"","background-repeat":"repeat","background-position":"center center","background-size":"auto","background-attachment":"scroll","background-type":"","background-media":"","overlay-type":"","overlay-color":"","overlay-opacity":"","overlay-gradient":""},"tablet":{"background-color":"","background-image":"","background-repeat":"repeat","background-position":"center center","background-size":"auto","background-attachment":"scroll","background-type":"","background-media":"","overlay-type":"","overlay-color":"","overlay-opacity":"","overlay-gradient":""},"mobile":{"background-color":"","background-image":"","background-repeat":"repeat","background-position":"center center","background-size":"auto","background-attachment":"scroll","background-type":"","background-media":"","overlay-type":"","overlay-color":"","overlay-opacity":"","overlay-gradient":""}},"ast-content-background-meta":{"desktop":{"background-color":"var(--ast-global-color-5)","background-image":"","background-repeat":"repeat","background-position":"center center","background-size":"auto","background-attachment":"scroll","background-type":"","background-media":"","overlay-type":"","overlay-color":"","overlay-opacity":"","overlay-gradient":""},"tablet":{"background-color":"var(--ast-global-color-5)","background-image":"","background-repeat":"repeat","background-position":"center center","background-size":"auto","background-attachment":"scroll","background-type":"","background-media":"","overlay-type":"","overlay-color":"","overlay-opacity":"","overlay-gradient":""},"mobile":{"background-color":"var(--ast-global-color-5)","background-image":"","background-repeat":"repeat","background-position":"center center","background-size":"auto","background-attachment":"scroll","background-type":"","background-media":"","overlay-type":"","overlay-color":"","overlay-opacity":"","overlay-gradient":""}},"footnotes":""},"class_list":["post-4956","page","type-page","status-publish","hentry"],"lang":"es","translations":{"es":4956,"ca":4930,"fr":4960,"en":4963},"pll_sync_post":[],"_links":{"self":[{"href":"https:\/\/casamanyaextrem.com\/index.php?rest_route=\/wp\/v2\/pages\/4956","targetHints":{"allow":["GET"]}}],"collection":[{"href":"https:\/\/casamanyaextrem.com\/index.php?rest_route=\/wp\/v2\/pages"}],"about":[{"href":"https:\/\/casamanyaextrem.com\/index.php?rest_route=\/wp\/v2\/types\/page"}],"author":[{"embeddable":true,"href":"https:\/\/casamanyaextrem.com\/index.php?rest_route=\/wp\/v2\/users\/1"}],"replies":[{"embeddable":true,"href":"https:\/\/casamanyaextrem.com\/index.php?rest_route=%2Fwp%2Fv2%2Fcomments&post=4956"}],"version-history":[{"count":12,"href":"https:\/\/casamanyaextrem.com\/index.php?rest_route=\/wp\/v2\/pages\/4956\/revisions"}],"predecessor-version":[{"id":6436,"href":"https:\/\/casamanyaextrem.com\/index.php?rest_route=\/wp\/v2\/pages\/4956\/revisions\/6436"}],"wp:attachment":[{"href":"https:\/\/casamanyaextrem.com\/index.php?rest_route=%2Fwp%2Fv2%2Fmedia&parent=4956"}],"curies":[{"name":"wp","href":"https:\/\/api.w.org\/{rel}","templated":true}]}}