{"id":8156,"date":"2026-03-17T05:43:54","date_gmt":"2026-03-17T04:43:54","guid":{"rendered":"https:\/\/casamanyaextrem.com\/?page_id=8156"},"modified":"2026-03-28T20:36:29","modified_gmt":"2026-03-28T19:36:29","slug":"casamanya-teams","status":"publish","type":"page","link":"https:\/\/casamanyaextrem.com\/?page_id=8156","title":{"rendered":"Casamanya TEAMS"},"content":{"rendered":"\n\n\t<p>La <strong>Casamanya TEAMS<\/strong> \u00e9s una modalitat per equips de 3 a 5 components. A continuaci\u00f3 s&#8217;expliquen els detalls.<\/p>\n<p><strong>Recorregut:<\/strong> Exclussivament per al <a href=\"https:\/\/casamanyaextrem.com\/?page_id=6004\" target=\"_blank\" rel=\"noopener\">Circuit CLASSIC<\/a>. Cal inscriure els equips expl\u00edcitament al moment de l&#8217;enregistrament de la participaci\u00f3.<\/p>\n<p><strong>Quantitat de Components:<\/strong> Equips composats per 3, 4 o 5 persones<\/p>\n<p><strong>Categories:<\/strong> Els equips poden estar formats per corredors de categories d&#8217;edat diferents, d&#8217;entre totes les que poden participar a la <a href=\"https:\/\/casamanyaextrem.com\/?page_id=1279\" target=\"_blank\" rel=\"noopener\">Casamanya CLASSIC<\/a> (u16, u18, o19)<\/p>\n<p><strong>G\u00e8nere:<\/strong> Els equips poden estar formats per participants dels dos g\u00e8neres. S&#8217;aplicar\u00e0<strong>\u00a0una bonificaci\u00f3 del 16% sobre el temps individual obtingut de cada dona.<\/strong><\/p>\n<p><strong>Classificaci\u00f3:<\/strong> El temps d&#8217;un equip es calcula sumant els <strong>3 millors temps de cada equip<\/strong>, despr\u00e9s d&#8217;aplicar la bonificaci\u00f3 de g\u00e8nere explicada al punt anterior.<\/p>\n<p><strong>Podis:<\/strong> <strong>Hi haur\u00e0 un sol premi al millor equip<\/strong>, independentment de la quantitat i g\u00e8neres dels seus components.<\/p>\n<p><strong>Restriccions:<\/strong><\/p>\n<ul>\n<li>Els competidors que formen part d&#8217;un equip no participen als podis individuals, tot i que en cas de superar de forma individual el r\u00e9cord hist\u00f2ric del recorregut es podria optar als <a href=\"https:\/\/casamanyaextrem.com\/?page_id=4383\" target=\"_blank\" rel=\"noopener\">Premis Caldea Casamanya Extrem<\/a>.<\/li>\n<li>La modalitat per equips t\u00e9 uns preus molt redu\u00efts, que <strong>no es poden combinar amb altres promocions i descomptes<\/strong>.<\/li>\n<\/ul>\n\n","protected":false},"excerpt":{"rendered":"<p>La Casamanya TEAMS \u00e9s una modalitat per equips de 3 a 5 components. A continuaci\u00f3 s&#8217;expliquen els detalls. Recorregut: Exclussivament per al Circuit CLASSIC. Cal inscriure els equips expl\u00edcitament al moment de l&#8217;enregistrament de la participaci\u00f3. Quantitat de Components: Equips composats per 3, 4 o 5 persones Categories: Els equips poden estar formats per corredors [&hellip;]<\/p>\n","protected":false},"author":1,"featured_media":0,"parent":0,"menu_order":0,"comment_status":"closed","ping_status":"closed","template":"","meta":{"site-sidebar-layout":"default","site-content-layout":"","ast-site-content-layout":"default","site-content-style":"default","site-sidebar-style":"default","ast-global-header-display":"","ast-banner-title-visibility":"","ast-main-header-display":"","ast-hfb-above-header-display":"","ast-hfb-below-header-display":"","ast-hfb-mobile-header-display":"","site-post-title":"","ast-breadcrumbs-content":"","ast-featured-img":"","footer-sml-layout":"","ast-disable-related-posts":"","theme-transparent-header-meta":"","adv-header-id-meta":"","stick-header-meta":"","header-above-stick-meta":"","header-main-stick-meta":"","header-below-stick-meta":"","astra-migrate-meta-layouts":"set","ast-page-background-enabled":"default","ast-page-background-meta":{"desktop":{"background-color":"","background-image":"","background-repeat":"repeat","background-position":"center center","background-size":"auto","background-attachment":"scroll","background-type":"","background-media":"","overlay-type":"","overlay-color":"","overlay-opacity":"","overlay-gradient":""},"tablet":{"background-color":"","background-image":"","background-repeat":"repeat","background-position":"center center","background-size":"auto","background-attachment":"scroll","background-type":"","background-media":"","overlay-type":"","overlay-color":"","overlay-opacity":"","overlay-gradient":""},"mobile":{"background-color":"","background-image":"","background-repeat":"repeat","background-position":"center center","background-size":"auto","background-attachment":"scroll","background-type":"","background-media":"","overlay-type":"","overlay-color":"","overlay-opacity":"","overlay-gradient":""}},"ast-content-background-meta":{"desktop":{"background-color":"var(--ast-global-color-5)","background-image":"","background-repeat":"repeat","background-position":"center center","background-size":"auto","background-attachment":"scroll","background-type":"","background-media":"","overlay-type":"","overlay-color":"","overlay-opacity":"","overlay-gradient":""},"tablet":{"background-color":"var(--ast-global-color-5)","background-image":"","background-repeat":"repeat","background-position":"center center","background-size":"auto","background-attachment":"scroll","background-type":"","background-media":"","overlay-type":"","overlay-color":"","overlay-opacity":"","overlay-gradient":""},"mobile":{"background-color":"var(--ast-global-color-5)","background-image":"","background-repeat":"repeat","background-position":"center center","background-size":"auto","background-attachment":"scroll","background-type":"","background-media":"","overlay-type":"","overlay-color":"","overlay-opacity":"","overlay-gradient":""}},"footnotes":""},"class_list":["post-8156","page","type-page","status-publish","hentry"],"lang":"ca","translations":{"es":8160,"ca":8156,"en":8164,"fr":8168},"pll_sync_post":[],"_links":{"self":[{"href":"https:\/\/casamanyaextrem.com\/index.php?rest_route=\/wp\/v2\/pages\/8156","targetHints":{"allow":["GET"]}}],"collection":[{"href":"https:\/\/casamanyaextrem.com\/index.php?rest_route=\/wp\/v2\/pages"}],"about":[{"href":"https:\/\/casamanyaextrem.com\/index.php?rest_route=\/wp\/v2\/types\/page"}],"author":[{"embeddable":true,"href":"https:\/\/casamanyaextrem.com\/index.php?rest_route=\/wp\/v2\/users\/1"}],"replies":[{"embeddable":true,"href":"https:\/\/casamanyaextrem.com\/index.php?rest_route=%2Fwp%2Fv2%2Fcomments&post=8156"}],"version-history":[{"count":5,"href":"https:\/\/casamanyaextrem.com\/index.php?rest_route=\/wp\/v2\/pages\/8156\/revisions"}],"predecessor-version":[{"id":8249,"href":"https:\/\/casamanyaextrem.com\/index.php?rest_route=\/wp\/v2\/pages\/8156\/revisions\/8249"}],"wp:attachment":[{"href":"https:\/\/casamanyaextrem.com\/index.php?rest_route=%2Fwp%2Fv2%2Fmedia&parent=8156"}],"curies":[{"name":"wp","href":"https:\/\/api.w.org\/{rel}","templated":true}]}}